CRAN Package Check Results for Package snahelper

Last updated on 2024-06-14 05:00:36 CEST.

Flavor Version Tinstall Tcheck Ttotal Status Flags
r-devel-linux-x86_64-debian-clang 1.4.2 11.56 74.96 86.52 OK
r-devel-linux-x86_64-debian-gcc 1.4.2 0.33 1.57 1.90 ERROR
r-devel-linux-x86_64-fedora-clang 1.4.2 110.75 OK
r-devel-linux-x86_64-fedora-gcc 1.4.2 98.33 OK
r-devel-windows-x86_64 1.4.2 10.00 72.00 82.00 OK
r-patched-linux-x86_64 1.4.2 5.61 72.15 77.76 OK
r-release-linux-x86_64 1.4.2 6.10 71.91 78.01 OK
r-release-macos-arm64 1.4.2 32.00 OK
r-release-macos-x86_64 1.4.2 49.00 OK
r-release-windows-x86_64 1.4.2 10.00 73.00 83.00 OK
r-oldrel-macos-arm64 1.4.2 31.00 OK
r-oldrel-macos-x86_64 1.4.2 107.00 OK
r-oldrel-windows-x86_64 1.4.2 12.00 83.00 95.00 OK

Check Details

Version: 1.4.2
Check: package dependencies
Result: ERROR Packages required but not available: 'ggraph', 'graphlayouts', 'igraph', 'ggplot2', 'colourpicker' Package suggested but not available for checking: ‘ggforce’ See section ‘The DESCRIPTION file’ in the ‘Writing R Extensions’ manual. Flavor: r-devel-linux-x86_64-debian-gcc