CRAN Package Check Results for Package snapshot

Last updated on 2022-12-04 12:55:38 CET.

Flavor Version Tinstall Tcheck Ttotal Status Flags
r-devel-linux-x86_64-debian-clang 0.1.2 1.74 22.87 24.61 NOTE
r-devel-linux-x86_64-debian-gcc 0.1.2 1.38 17.65 19.03 NOTE
r-devel-linux-x86_64-fedora-clang 0.1.2 41.92 NOTE
r-devel-linux-x86_64-fedora-gcc 0.1.2 41.89 NOTE
r-devel-windows-x86_64 0.1.2 9.00 45.00 54.00 NOTE
r-patched-linux-x86_64 0.1.2 1.81 21.81 23.62 NOTE
r-release-linux-x86_64 0.1.2 1.64 22.34 23.98 NOTE
r-release-macos-arm64 0.1.2 15.00 NOTE
r-release-macos-x86_64 0.1.2 20.00 NOTE
r-release-windows-x86_64 0.1.2 4.00 41.00 45.00 NOTE
r-oldrel-macos-arm64 0.1.2 19.00 NOTE
r-oldrel-macos-x86_64 0.1.2 25.00 NOTE
r-oldrel-windows-ix86+x86_64 0.1.2 4.00 25.00 29.00 NOTE

Check Details

Version: 0.1.2
Check: DESCRIPTION meta-information
Result: NOTE
    Malformed Description field: should contain one or more complete sentences.
Flavors: r-devel-linux-x86_64-debian-clang, r-devel-linux-x86_64-debian-gcc, r-devel-linux-x86_64-fedora-clang, r-devel-linux-x86_64-fedora-gcc, r-devel-windows-x86_64, r-patched-linux-x86_64, r-release-linux-x86_64, r-release-macos-arm64, r-release-macos-x86_64, r-release-windows-x86_64, r-oldrel-macos-arm64, r-oldrel-macos-x86_64, r-oldrel-windows-ix86+x86_64