Last updated on 2023-12-09 06:02:20 CET.
Flavor | Version | Tinstall | Tcheck | Ttotal | Status | Flags |
---|---|---|---|---|---|---|
r-devel-linux-x86_64-debian-clang | 0.1.1 | 2.42 | 21.97 | 24.39 | NOTE | |
r-devel-linux-x86_64-debian-gcc | 0.1.1 | 1.82 | 17.36 | 19.18 | NOTE | |
r-devel-linux-x86_64-fedora-clang | 0.1.1 | 32.51 | NOTE | |||
r-devel-linux-x86_64-fedora-gcc | 0.1.1 | 28.67 | NOTE | |||
r-devel-windows-x86_64 | 0.1.1 | 2.00 | 39.00 | 41.00 | NOTE | |
r-patched-linux-x86_64 | 0.1.1 | 2.27 | 21.53 | 23.80 | NOTE | |
r-release-linux-x86_64 | 0.1.1 | 2.02 | 21.71 | 23.73 | NOTE | |
r-release-macos-arm64 | 0.1.1 | 16.00 | NOTE | |||
r-release-macos-x86_64 | 0.1.1 | 22.00 | NOTE | |||
r-release-windows-x86_64 | 0.1.1 | 2.00 | 37.00 | 39.00 | NOTE | |
r-oldrel-macos-arm64 | 0.1.1 | 16.00 | NOTE | |||
r-oldrel-macos-x86_64 | 0.1.1 | 20.00 | NOTE | |||
r-oldrel-windows-x86_64 | 0.1.1 | 4.00 | 40.00 | 44.00 | NOTE |
Version: 0.1.1
Check: LazyData
Result: NOTE
'LazyData' is specified without a 'data' directory
Flavors: r-devel-linux-x86_64-debian-clang, r-devel-linux-x86_64-debian-gcc, r-devel-linux-x86_64-fedora-clang, r-devel-linux-x86_64-fedora-gcc, r-devel-windows-x86_64, r-patched-linux-x86_64, r-release-linux-x86_64, r-release-macos-arm64, r-release-macos-x86_64, r-release-windows-x86_64, r-oldrel-macos-arm64, r-oldrel-macos-x86_64, r-oldrel-windows-x86_64