CRAN Package Check Results for Package snfa

Last updated on 2024-05-20 16:58:44 CEST.

Flavor Version Tinstall Tcheck Ttotal Status Flags
r-devel-linux-x86_64-debian-clang 0.0.1 3.28 46.46 49.74 OK
r-devel-linux-x86_64-debian-gcc 0.0.1 2.13 33.54 35.67 OK
r-devel-linux-x86_64-fedora-clang 0.0.1 60.26 NOTE
r-devel-linux-x86_64-fedora-gcc 0.0.1 59.34 NOTE
r-devel-windows-x86_64 0.0.1 4.00 55.00 59.00 OK
r-patched-linux-x86_64 0.0.1 3.41 44.52 47.93 OK
r-release-linux-x86_64 0.0.1 2.60 43.41 46.01 OK
r-release-macos-arm64 0.0.1 21.00 OK
r-release-windows-x86_64 0.0.1 4.00 57.00 61.00 OK
r-oldrel-macos-arm64 0.0.1 24.00 OK
r-oldrel-macos-x86_64 0.0.1 33.00 OK
r-oldrel-windows-x86_64 0.0.1 6.00 64.00 70.00 OK

Check Details

Version: 0.0.1
Check: dependencies in R code
Result: NOTE Namespaces in Imports field not imported from: ‘Rdpack’ ‘ggplot2’ All declared Imports should be used. Flavors: r-devel-linux-x86_64-fedora-clang, r-devel-linux-x86_64-fedora-gcc