CRAN Package Check Results for Package snfa

Last updated on 2019-04-22 09:49:42 CEST.

Flavor Version Tinstall Tcheck Ttotal Status Flags
r-devel-linux-x86_64-debian-clang 0.0.1 2.49 36.99 39.48 OK
r-devel-linux-x86_64-debian-gcc 0.0.1 1.79 28.84 30.63 OK
r-devel-linux-x86_64-fedora-clang 0.0.1 46.35 NOTE
r-devel-linux-x86_64-fedora-gcc 0.0.1 45.18 NOTE
r-devel-windows-ix86+x86_64 0.0.1 7.00 46.00 53.00 OK
r-patched-linux-x86_64 0.0.1 2.39 36.46 38.85 OK
r-patched-solaris-x86 0.0.1 69.90 NOTE
r-release-linux-x86_64 0.0.1 1.24 35.58 36.82 OK
r-release-windows-ix86+x86_64 0.0.1 3.00 49.00 52.00 OK
r-release-osx-x86_64 0.0.1 NOTE
r-oldrel-osx-x86_64 0.0.1 ERROR

Check Details

Version: 0.0.1
Check: dependencies in R code
Result: NOTE
    Namespaces in Imports field not imported from:
     ‘Rdpack’ ‘ggplot2’
     All declared Imports should be used.
Flavors: r-devel-linux-x86_64-fedora-clang, r-devel-linux-x86_64-fedora-gcc, r-patched-solaris-x86, r-release-osx-x86_64

Version: 0.0.1
Check: whether package can be installed
Result: ERROR
    Installation failed.
Flavor: r-oldrel-osx-x86_64