CRAN Package Check Results for Package snipEM

Last updated on 2019-10-24 03:58:43 CEST.

Flavor Version Tinstall Tcheck Ttotal Status Flags
r-devel-linux-x86_64-debian-clang 1.0.1 35.28 56.31 91.59 OK
r-devel-linux-x86_64-debian-gcc 1.0.1 24.24 40.47 64.71 OK
r-devel-linux-x86_64-fedora-clang 1.0.1 115.37 NOTE
r-devel-linux-x86_64-fedora-gcc 1.0.1 110.73 NOTE
r-devel-windows-ix86+x86_64 1.0.1 67.00 145.00 212.00 OK
r-patched-linux-x86_64 1.0.1 23.80 54.41 78.21 OK
r-patched-solaris-x86 1.0.1 123.30 OK
r-release-linux-x86_64 1.0.1 26.89 55.02 81.91 OK
r-release-windows-ix86+x86_64 1.0.1 77.00 105.00 182.00 OK
r-release-osx-x86_64 1.0.1 OK
r-oldrel-windows-ix86+x86_64 1.0.1 69.00 117.00 186.00 OK
r-oldrel-osx-x86_64 1.0.1 OK

Check Details

Version: 1.0.1
Check: compiled code
Result: NOTE
    File ‘snipEM/libs/snipEM.so’:
     Found no calls to: ‘R_registerRoutines’, ‘R_useDynamicSymbols’
    
    It is good practice to register native routines and to disable symbol
    search.
    
    See ‘Writing portable packages’ in the ‘Writing R Extensions’ manual.
Flavors: r-devel-linux-x86_64-fedora-clang, r-devel-linux-x86_64-fedora-gcc