CRAN Package Check Results for Package snipEM

Last updated on 2019-07-20 09:48:25 CEST.

Flavor Version Tinstall Tcheck Ttotal Status Flags
r-devel-linux-x86_64-debian-clang 1.0.1 26.14 57.25 83.39 OK
r-devel-linux-x86_64-debian-gcc 1.0.1 20.55 41.04 61.59 OK
r-devel-linux-x86_64-fedora-clang 1.0.1 109.74 NOTE
r-devel-linux-x86_64-fedora-gcc 1.0.1 106.70 NOTE
r-devel-windows-ix86+x86_64 1.0.1 76.00 144.00 220.00 OK
r-patched-linux-x86_64 1.0.1 26.06 55.39 81.45 OK
r-patched-solaris-x86 1.0.1 125.40 OK
r-release-linux-x86_64 1.0.1 23.92 54.64 78.56 OK
r-release-windows-ix86+x86_64 1.0.1 56.00 107.00 163.00 OK
r-release-osx-x86_64 1.0.1 OK
r-oldrel-windows-ix86+x86_64 1.0.1 51.00 117.00 168.00 OK
r-oldrel-osx-x86_64 1.0.1 OK

Check Details

Version: 1.0.1
Check: compiled code
Result: NOTE
    File ‘snipEM/libs/snipEM.so’:
     Found no calls to: ‘R_registerRoutines’, ‘R_useDynamicSymbols’
    
    It is good practice to register native routines and to disable symbol
    search.
    
    See ‘Writing portable packages’ in the ‘Writing R Extensions’ manual.
Flavors: r-devel-linux-x86_64-fedora-clang, r-devel-linux-x86_64-fedora-gcc