CRAN Package Check Results for Package snow

Last updated on 2019-04-22 10:52:35 CEST.

Flavor Version Tinstall Tcheck Ttotal Status Flags
r-devel-linux-x86_64-debian-clang 0.4-3 2.42 21.31 23.73 OK
r-devel-linux-x86_64-debian-gcc 0.4-3 1.83 17.19 19.02 OK
r-devel-linux-x86_64-fedora-clang 0.4-3 28.96 OK
r-devel-linux-x86_64-fedora-gcc 0.4-3 27.84 OK
r-devel-windows-ix86+x86_64 0.4-3 9.00 30.00 39.00 OK
r-patched-linux-x86_64 0.4-3 2.53 21.75 24.28 OK
r-patched-solaris-x86 0.4-3 43.60 OK
r-release-linux-x86_64 0.4-3 1.74 20.33 22.07 OK
r-release-windows-ix86+x86_64 0.4-3 4.00 52.00 56.00 OK
r-release-osx-x86_64 0.4-3 NOTE
r-oldrel-windows-ix86+x86_64 0.4-3 4.00 39.00 43.00 OK
r-oldrel-osx-x86_64 0.4-3 NOTE

Check Details

Version: 0.4-3
Check: package dependencies
Result: NOTE
    Package suggested but not available for checking: ‘Rmpi’
Flavors: r-release-osx-x86_64, r-oldrel-osx-x86_64