CRAN Package Check Results for Package snow

Last updated on 2019-06-27 08:49:29 CEST.

Flavor Version Tinstall Tcheck Ttotal Status Flags
r-devel-linux-x86_64-debian-clang 0.4-3 2.19 21.19 23.38 OK
r-devel-linux-x86_64-debian-gcc 0.4-3 1.82 16.93 18.75 OK
r-devel-linux-x86_64-fedora-clang 0.4-3 29.23 OK
r-devel-linux-x86_64-fedora-gcc 0.4-3 28.61 OK
r-devel-windows-ix86+x86_64 0.4-3 9.00 33.00 42.00 OK
r-patched-linux-x86_64 0.4-3 2.22 21.24 23.46 OK
r-patched-solaris-x86 0.4-3 45.50 OK
r-release-linux-x86_64 0.4-3 2.53 21.61 24.14 OK
r-release-windows-ix86+x86_64 0.4-3 5.00 48.00 53.00 OK
r-release-osx-x86_64 0.4-3 NOTE
r-oldrel-windows-ix86+x86_64 0.4-3 4.00 52.00 56.00 OK
r-oldrel-osx-x86_64 0.4-3 NOTE

Check Details

Version: 0.4-3
Check: package dependencies
Result: NOTE
    Package suggested but not available for checking: ‘Rmpi’
Flavors: r-release-osx-x86_64, r-oldrel-osx-x86_64