CRAN Package Check Results for Package snowFT

Last updated on 2020-08-15 21:48:04 CEST.

Flavor Version Tinstall Tcheck Ttotal Status Flags
r-devel-linux-x86_64-debian-clang 1.6-0 2.16 16.93 19.09 OK
r-devel-linux-x86_64-debian-gcc 1.6-0 2.16 15.19 17.35 OK
r-devel-linux-x86_64-fedora-clang 1.6-0 48.26 OK
r-devel-linux-x86_64-fedora-gcc 1.6-0 38.03 OK
r-devel-windows-ix86+x86_64 1.6-0 10.00 72.00 82.00 OK
r-patched-linux-x86_64 1.6-0 2.30 17.45 19.75 OK
r-patched-solaris-x86 1.6-0 83.80 OK
r-release-linux-x86_64 1.6-0 2.68 16.70 19.38 OK
r-release-macos-x86_64 1.6-0 NOTE
r-release-windows-ix86+x86_64 1.6-0 6.00 73.00 79.00 OK
r-oldrel-macos-x86_64 1.6-0 NOTE
r-oldrel-windows-ix86+x86_64 1.6-0 5.00 44.00 49.00 OK

Check Details

Version: 1.6-0
Check: package dependencies
Result: NOTE
    Package suggested but not available for checking: ‘Rmpi’
Flavors: r-release-macos-x86_64, r-oldrel-macos-x86_64