CRAN Package Check Results for Package snowboot

Last updated on 2024-06-12 22:56:46 CEST.

Flavor Version Tinstall Tcheck Ttotal Status Flags
r-devel-linux-x86_64-debian-clang 1.0.2 23.70 49.55 73.25 OK
r-devel-linux-x86_64-debian-gcc 1.0.2 0.39 1.56 1.95 ERROR
r-devel-linux-x86_64-fedora-clang 1.0.2 95.72 OK
r-devel-linux-x86_64-fedora-gcc 1.0.2 91.74 OK
r-devel-windows-x86_64 1.0.2 19.00 72.00 91.00 OK
r-patched-linux-x86_64 1.0.2 17.70 47.63 65.33 OK
r-release-linux-x86_64 1.0.2 19.57 47.27 66.84 OK
r-release-macos-arm64 1.0.2 28.00 OK
r-release-macos-x86_64 1.0.2 39.00 OK
r-release-windows-x86_64 1.0.2 20.00 76.00 96.00 OK
r-oldrel-macos-arm64 1.0.2 30.00 OK
r-oldrel-macos-x86_64 1.0.2 44.00 OK
r-oldrel-windows-x86_64 1.0.2 23.00 88.00 111.00 OK

Check Details

Version: 1.0.2
Check: package dependencies
Result: ERROR Package required but not available: ‘igraph’ See section ‘The DESCRIPTION file’ in the ‘Writing R Extensions’ manual. Flavor: r-devel-linux-x86_64-debian-gcc