Last updated on 2023-12-07 13:48:44 CET.
Flavor | Version | Tinstall | Tcheck | Ttotal | Status | Flags |
---|---|---|---|---|---|---|
r-devel-linux-x86_64-debian-clang | 1.0.0 | 21.70 | 300.29 | 321.99 | OK | |
r-devel-linux-x86_64-debian-gcc | 1.0.0 | 18.42 | 221.02 | 239.44 | OK | |
r-devel-linux-x86_64-fedora-clang | 1.0.0 | 398.32 | OK | |||
r-devel-linux-x86_64-fedora-gcc | 1.0.0 | 373.33 | OK | |||
r-devel-windows-x86_64 | 1.0.0 | 21.00 | 243.00 | 264.00 | OK | |
r-patched-linux-x86_64 | 1.0.0 | 16.97 | 292.66 | 309.63 | OK | |
r-release-linux-x86_64 | 1.0.0 | 20.22 | 276.86 | 297.08 | OK | |
r-release-macos-arm64 | 1.0.0 | 9.00 | ERROR | |||
r-release-macos-x86_64 | 1.0.0 | 10.00 | ERROR | |||
r-release-windows-x86_64 | 1.0.0 | 28.00 | 285.00 | 313.00 | OK | |
r-oldrel-macos-arm64 | 1.0.0 | 9.00 | ERROR | |||
r-oldrel-macos-x86_64 | 1.0.0 | 168.00 | OK | |||
r-oldrel-windows-x86_64 | 1.0.0 | 28.00 | 289.00 | 317.00 | OK |
Version: 1.0.0
Check: package dependencies
Result: ERROR
Package required but not available: ‘GWASTools’
See section ‘The DESCRIPTION file’ in the ‘Writing R Extensions’
manual.
Flavors: r-release-macos-arm64, r-release-macos-x86_64, r-oldrel-macos-arm64