CRAN Package Check Results for Package snplist

Last updated on 2020-03-31 18:47:53 CEST.

Flavor Version Tinstall Tcheck Ttotal Status Flags
r-devel-linux-x86_64-debian-clang 0.18.1 23.65 149.00 172.65 NOTE
r-devel-linux-x86_64-debian-gcc 0.18.1 18.37 113.90 132.27 NOTE
r-devel-linux-x86_64-fedora-clang 0.18.1 216.23 NOTE
r-devel-linux-x86_64-fedora-gcc 0.18.1 206.21 NOTE
r-devel-windows-ix86+x86_64 0.18.1 24.00 6.00 30.00 ERROR
r-devel-windows-ix86+x86_64-gcc8 0.18.1 25.00 7.00 32.00 ERROR
r-patched-linux-x86_64 0.18.1 21.63 139.97 161.60 NOTE
r-patched-solaris-x86 0.18.1 323.30 NOTE
r-release-linux-x86_64 0.18.1 19.55 127.80 147.35 OK
r-release-windows-ix86+x86_64 0.18.1 80.00 270.00 350.00 OK
r-release-osx-x86_64 0.18.1 OK
r-oldrel-windows-ix86+x86_64 0.18.1 50.00 225.00 275.00 OK
r-oldrel-osx-x86_64 0.18.1 OK

Check Details

Version: 0.18.1
Check: for non-standard things in the check directory
Result: NOTE
    Found the following files/directories:
     'geneSet.set' 'snplistdb.sqlite'
Flavors: r-devel-linux-x86_64-debian-clang, r-devel-linux-x86_64-debian-gcc, r-devel-linux-x86_64-fedora-clang, r-devel-linux-x86_64-fedora-gcc, r-patched-linux-x86_64, r-patched-solaris-x86

Version: 0.18.1
Check: whether package can be installed
Result: ERROR
    Installation failed.
Flavors: r-devel-windows-ix86+x86_64, r-devel-windows-ix86+x86_64-gcc8