CRAN Package Check Results for Package soc.ca

Last updated on 2020-07-04 14:48:41 CEST.

Flavor Version Tinstall Tcheck Ttotal Status Flags
r-devel-linux-x86_64-debian-clang 0.7.3 7.95 79.23 87.18 OK
r-devel-linux-x86_64-debian-gcc 0.7.3 6.24 59.96 66.20 OK
r-devel-linux-x86_64-fedora-clang 0.7.3 111.13 NOTE
r-devel-linux-x86_64-fedora-gcc 0.7.3 104.36 NOTE
r-devel-windows-ix86+x86_64 0.7.3 28.00 90.00 118.00 OK
r-patched-linux-x86_64 0.7.3 8.37 78.38 86.75 OK
r-patched-solaris-x86 0.7.3 143.80 NOTE
r-release-linux-x86_64 0.7.3 6.94 78.27 85.21 OK
r-release-osx-x86_64 0.7.3 NOTE
r-release-windows-ix86+x86_64 0.7.3 15.00 89.00 104.00 OK
r-oldrel-osx-x86_64 0.7.3 NOTE
r-oldrel-windows-ix86+x86_64 0.7.3 30.00 128.00 158.00 OK

Check Details

Version: 0.7.3
Check: data for non-ASCII characters
Result: NOTE
     Note: found 833 marked UTF-8 strings
Flavors: r-devel-linux-x86_64-fedora-clang, r-devel-linux-x86_64-fedora-gcc, r-patched-solaris-x86, r-release-osx-x86_64, r-oldrel-osx-x86_64