CRAN Package Check Results for Package soc.ca

Last updated on 2019-06-16 20:47:19 CEST.

Flavor Version Tinstall Tcheck Ttotal Status Flags
r-devel-linux-x86_64-debian-clang 0.7.3 5.69 68.86 74.55 OK
r-devel-linux-x86_64-debian-gcc 0.7.3 4.42 52.39 56.81 OK
r-devel-linux-x86_64-fedora-clang 0.7.3 87.35 NOTE
r-devel-linux-x86_64-fedora-gcc 0.7.3 81.85 NOTE
r-devel-windows-ix86+x86_64 0.7.3 19.00 113.00 132.00 OK
r-patched-linux-x86_64 0.7.3 6.73 67.65 74.38 OK
r-patched-solaris-x86 0.7.3 138.00 NOTE
r-release-linux-x86_64 0.7.3 6.58 68.38 74.96 OK
r-release-windows-ix86+x86_64 0.7.3 15.00 115.00 130.00 OK
r-release-osx-x86_64 0.7.3 NOTE
r-oldrel-windows-ix86+x86_64 0.7.3 11.00 112.00 123.00 OK
r-oldrel-osx-x86_64 0.7.3 NOTE

Check Details

Version: 0.7.3
Check: data for non-ASCII characters
Result: NOTE
     Note: found 833 marked UTF-8 strings
Flavors: r-devel-linux-x86_64-fedora-clang, r-devel-linux-x86_64-fedora-gcc, r-patched-solaris-x86, r-release-osx-x86_64, r-oldrel-osx-x86_64