CRAN Package Check Results for Package soc.ca

Last updated on 2019-08-20 05:47:18 CEST.

Flavor Version Tinstall Tcheck Ttotal Status Flags
r-devel-linux-x86_64-debian-clang 0.7.3 6.05 69.23 75.28 OK
r-devel-linux-x86_64-debian-gcc 0.7.3 4.81 52.45 57.26 OK
r-devel-linux-x86_64-fedora-clang 0.7.3 87.38 NOTE
r-devel-linux-x86_64-fedora-gcc 0.7.3 93.00 NOTE
r-devel-windows-ix86+x86_64 0.7.3 20.00 93.00 113.00 OK
r-patched-linux-x86_64 0.7.3 5.47 67.42 72.89 OK
r-patched-solaris-x86 0.7.3 139.20 NOTE
r-release-linux-x86_64 0.7.3 5.34 67.73 73.07 OK
r-release-windows-ix86+x86_64 0.7.3 13.00 81.00 94.00 OK
r-release-osx-x86_64 0.7.3 NOTE
r-oldrel-windows-ix86+x86_64 0.7.3 13.00 106.00 119.00 OK
r-oldrel-osx-x86_64 0.7.3 NOTE

Check Details

Version: 0.7.3
Check: data for non-ASCII characters
Result: NOTE
     Note: found 833 marked UTF-8 strings
Flavors: r-devel-linux-x86_64-fedora-clang, r-devel-linux-x86_64-fedora-gcc, r-patched-solaris-x86, r-release-osx-x86_64, r-oldrel-osx-x86_64