CRAN Package Check Results for Package sociome

Last updated on 2024-06-13 06:58:19 CEST.

Flavor Version Tinstall Tcheck Ttotal Status Flags
r-devel-linux-x86_64-debian-clang 2.2.5 9.10 87.06 96.16 OK
r-devel-linux-x86_64-debian-gcc 2.2.5 0.36 1.80 2.16 ERROR
r-devel-linux-x86_64-fedora-clang 2.2.5 118.06 OK
r-devel-linux-x86_64-fedora-gcc 2.2.5 112.47 OK
r-devel-windows-x86_64 2.2.5 10.00 80.00 90.00 OK
r-patched-linux-x86_64 2.2.5 10.66 83.53 94.19 OK
r-release-linux-x86_64 2.2.5 8.66 84.04 92.70 OK
r-release-macos-arm64 2.2.5 36.00 OK
r-release-macos-x86_64 2.2.5 53.00 OK
r-release-windows-x86_64 2.2.5 10.00 87.00 97.00 OK
r-oldrel-macos-arm64 2.2.5 38.00 OK
r-oldrel-macos-x86_64 2.2.5 50.00 OK
r-oldrel-windows-x86_64 2.2.5 13.00 97.00 110.00 OK

Check Details

Version: 2.2.5
Check: package dependencies
Result: ERROR Packages required but not available: 'dplyr', 'mice', 'purrr', 'stringr', 'tidycensus', 'tidyr' Packages suggested but not available for checking: 'ggplot2', 'testthat', 'tibble', 'tigris' See section ‘The DESCRIPTION file’ in the ‘Writing R Extensions’ manual. Flavor: r-devel-linux-x86_64-debian-gcc