CRAN Package Check Results for Package softclassval

Last updated on 2021-05-13 04:50:08 CEST.

Flavor Version Tinstall Tcheck Ttotal Status Flags
r-devel-linux-x86_64-debian-clang 1.0-20160527 2.80 29.39 32.19 NOTE
r-devel-linux-x86_64-debian-gcc 1.0-20160527 1.92 23.17 25.09 NOTE
r-devel-linux-x86_64-fedora-clang 1.0-20160527 49.20 NOTE
r-devel-linux-x86_64-fedora-gcc 1.0-20160527 37.81 NOTE
r-devel-windows-ix86+x86_64 1.0-20160527 7.00 37.00 44.00 NOTE
r-devel-windows-x86_64-gcc10-UCRT 1.0-20160527 NOTE
r-patched-linux-x86_64 1.0-20160527 3.13 28.57 31.70 NOTE
r-patched-solaris-x86 1.0-20160527 59.10 NOTE
r-release-linux-x86_64 1.0-20160527 2.67 28.54 31.21 OK
r-release-macos-x86_64 1.0-20160527 OK
r-release-windows-ix86+x86_64 1.0-20160527 4.00 48.00 52.00 OK
r-oldrel-macos-x86_64 1.0-20160527 OK
r-oldrel-windows-ix86+x86_64 1.0-20160527 6.00 36.00 42.00 OK

Check Details

Version: 1.0-20160527
Check: LazyData
Result: NOTE
     'LazyData' is specified without a 'data' directory
Flavors: r-devel-linux-x86_64-debian-clang, r-devel-linux-x86_64-debian-gcc, r-devel-linux-x86_64-fedora-clang, r-devel-linux-x86_64-fedora-gcc, r-devel-windows-ix86+x86_64, r-devel-windows-x86_64-gcc10-UCRT, r-patched-linux-x86_64, r-patched-solaris-x86