Last updated on 2022-07-03 18:50:38 CEST.
Flavor | Version | Tinstall | Tcheck | Ttotal | Status | Flags |
---|---|---|---|---|---|---|
r-devel-linux-x86_64-debian-clang | 2.7.2 | 15.58 | 152.66 | 168.24 | OK | |
r-devel-linux-x86_64-debian-gcc | 2.7.2 | 12.86 | 109.67 | 122.53 | OK | |
r-devel-linux-x86_64-fedora-clang | 2.7.2 | 211.82 | OK | |||
r-devel-linux-x86_64-fedora-gcc | 2.7.2 | 211.26 | OK | |||
r-devel-windows-x86_64 | 2.7.2 | 68.00 | 173.00 | 241.00 | OK | |
r-patched-linux-x86_64 | 2.7.2 | 17.89 | 143.30 | 161.19 | OK | |
r-release-linux-x86_64 | 2.7.2 | 18.79 | 140.55 | 159.34 | OK | |
r-release-macos-arm64 | 2.7.2 | 56.00 | OK | |||
r-release-macos-x86_64 | 2.7.2 | 74.00 | OK | |||
r-release-windows-x86_64 | 2.7.2 | 55.00 | 154.00 | 209.00 | OK | |
r-oldrel-macos-arm64 | 2.7.2 | 51.00 | NOTE | |||
r-oldrel-macos-x86_64 | 2.7.2 | 72.00 | OK | |||
r-oldrel-windows-ix86+x86_64 | 2.7.2 | 28.00 | 140.00 | 168.00 | OK |
Version: 2.7.2
Check: package dependencies
Result: NOTE
Package suggested but not available for checking: ‘raster’
Flavor: r-oldrel-macos-arm64