CRAN Package Check Results for Package soilassessment

Last updated on 2020-04-09 22:50:39 CEST.

Flavor Version Tinstall Tcheck Ttotal Status Flags
r-devel-linux-x86_64-debian-clang 0.1.1 43.98 260.74 304.72 OK
r-devel-linux-x86_64-debian-gcc 0.1.1 36.39 199.93 236.32 OK
r-devel-linux-x86_64-fedora-clang 0.1.1 379.16 OK
r-devel-linux-x86_64-fedora-gcc 0.1.1 411.48 OK
r-devel-windows-ix86+x86_64 0.1.1 65.00 375.00 440.00 OK
r-devel-windows-ix86+x86_64-gcc8 0.1.1 69.00 273.00 342.00 OK
r-patched-linux-x86_64 0.1.1 31.64 254.36 286.00 OK
r-patched-osx-x86_64 0.1.1 OK
r-patched-solaris-x86 0.1.1 603.90 OK
r-release-linux-x86_64 0.1.1 29.17 236.00 265.17 OK
r-release-windows-ix86+x86_64 0.1.1 65.00 346.00 411.00 OK
r-release-osx-x86_64 0.1.1 WARN
r-oldrel-windows-ix86+x86_64 0.1.1 64.00 239.00 303.00 OK
r-oldrel-osx-x86_64 0.1.1 WARN

Check Details

Version: 0.1.1
Check: dependencies in R code
Result: NOTE
    No protocol specified
    No protocol specified
Flavors: r-release-osx-x86_64, r-oldrel-osx-x86_64

Version: 0.1.1
Check: S3 generic/method consistency
Result: WARN
    No protocol specified
    No protocol specified
    See section ‘Generic functions and methods’ in the ‘Writing R
    Extensions’ manual.
Flavors: r-release-osx-x86_64, r-oldrel-osx-x86_64

Version: 0.1.1
Check: replacement functions
Result: WARN
    No protocol specified
    No protocol specified
    The argument of a replacement function which corresponds to the right
    hand side must be named ‘value’.
Flavors: r-release-osx-x86_64, r-oldrel-osx-x86_64

Version: 0.1.1
Check: foreign function calls
Result: NOTE
    No protocol specified
    No protocol specified
    See chapter ‘System and foreign language interfaces’ in the ‘Writing R
    Extensions’ manual.
Flavors: r-release-osx-x86_64, r-oldrel-osx-x86_64

Version: 0.1.1
Check: R code for possible problems
Result: NOTE
    No protocol specified
    No protocol specified
Flavors: r-release-osx-x86_64, r-oldrel-osx-x86_64

Version: 0.1.1
Check: for missing documentation entries
Result: WARN
    No protocol specified
    No protocol specified
    All user-level objects in a package should have documentation entries.
    See chapter ‘Writing R documentation files’ in the ‘Writing R
    Extensions’ manual.
Flavors: r-release-osx-x86_64, r-oldrel-osx-x86_64

Version: 0.1.1
Check: for code/documentation mismatches
Result: WARN
    No protocol specified
    No protocol specified
    No protocol specified
    No protocol specified
    No protocol specified
    No protocol specified
Flavors: r-release-osx-x86_64, r-oldrel-osx-x86_64

Version: 0.1.1
Check: Rd \usage sections
Result: NOTE
    No protocol specified
    No protocol specified
    The \usage entries for S3 methods should use the \method markup and not
    their full name.
    See chapter ‘Writing R documentation files’ in the ‘Writing R
    Extensions’ manual.
Flavors: r-release-osx-x86_64, r-oldrel-osx-x86_64