CRAN Package Check Results for Package soilcarbon

Last updated on 2020-08-05 21:49:14 CEST.

Flavor Version Tinstall Tcheck Ttotal Status Flags
r-devel-linux-x86_64-debian-clang 1.2.0 9.65 79.85 89.50 NOTE
r-devel-linux-x86_64-debian-gcc 1.2.0 8.44 58.91 67.35 NOTE
r-devel-linux-x86_64-fedora-clang 1.2.0 116.11 NOTE
r-devel-linux-x86_64-fedora-gcc 1.2.0 108.36 NOTE
r-devel-windows-ix86+x86_64 1.2.0 38.00 96.00 134.00 NOTE
r-patched-linux-x86_64 1.2.0 10.55 77.50 88.05 NOTE
r-patched-solaris-x86 1.2.0 159.50 NOTE
r-release-linux-x86_64 1.2.0 10.25 77.08 87.33 NOTE
r-release-macos-x86_64 1.2.0 NOTE
r-release-windows-ix86+x86_64 1.2.0 38.00 152.00 190.00 NOTE
r-oldrel-macos-x86_64 1.2.0 NOTE
r-oldrel-windows-ix86+x86_64 1.2.0 22.00 101.00 123.00 NOTE

Check Details

Version: 1.2.0
Check: R code for possible problems
Result: NOTE
    compileDatabase: no visible global function definition for 'use_data'
    Undefined global functions or variables:
     use_data
Flavors: r-devel-linux-x86_64-debian-clang, r-devel-linux-x86_64-debian-gcc, r-devel-linux-x86_64-fedora-clang, r-devel-linux-x86_64-fedora-gcc, r-devel-windows-ix86+x86_64, r-patched-linux-x86_64, r-patched-solaris-x86, r-release-linux-x86_64, r-release-macos-x86_64, r-release-windows-ix86+x86_64, r-oldrel-windows-ix86+x86_64

Version: 1.2.0
Check: data for non-ASCII characters
Result: NOTE
     Note: found 145 marked UTF-8 strings
Flavors: r-devel-linux-x86_64-fedora-clang, r-devel-linux-x86_64-fedora-gcc, r-patched-solaris-x86, r-release-macos-x86_64, r-oldrel-macos-x86_64