Last updated on 2023-03-27 20:52:29 CEST.
Flavor | Version | Tinstall | Tcheck | Ttotal | Status | Flags |
---|---|---|---|---|---|---|
r-devel-linux-x86_64-debian-clang | 5.0 | 28.35 | 167.06 | 195.41 | NOTE | |
r-devel-linux-x86_64-debian-gcc | 5.0 | 25.25 | 118.62 | 143.87 | NOTE | |
r-devel-linux-x86_64-fedora-clang | 5.0 | 242.21 | NOTE | |||
r-devel-linux-x86_64-fedora-gcc | 5.0 | 243.16 | NOTE | |||
r-patched-linux-x86_64 | 5.0 | 25.11 | 154.69 | 179.80 | NOTE | |
r-release-linux-x86_64 | 5.0 | 27.43 | 173.52 | 200.95 | OK | |
r-release-macos-arm64 | 5.0 | 122.00 | OK | |||
r-release-macos-x86_64 | 5.0 | 171.00 | OK | |||
r-release-windows-x86_64 | 5.0 | 217.00 | 190.00 | 407.00 | NOTE | |
r-oldrel-macos-arm64 | 5.0 | 112.00 | OK | |||
r-oldrel-macos-x86_64 | 5.0 | 132.00 | OK | |||
r-oldrel-windows-ix86+x86_64 | 5.0 | 53.00 | 171.00 | 224.00 | NOTE |
Version: 5.0
Check: Rd files
Result: NOTE
checkRd: (-1) llwrPTF.Rd:7: Escaped LaTeX specials: \&
Flavors: r-devel-linux-x86_64-debian-clang, r-devel-linux-x86_64-debian-gcc, r-devel-linux-x86_64-fedora-clang, r-devel-linux-x86_64-fedora-gcc, r-patched-linux-x86_64
Version: 5.0
Check: installed package size
Result: NOTE
installed size is 5.2Mb
sub-directories of 1Mb or more:
R 3.2Mb
doc 1.1Mb
Flavors: r-devel-linux-x86_64-fedora-clang, r-release-windows-x86_64, r-oldrel-windows-ix86+x86_64