CRAN Package Check Results for Package soilphysics

Last updated on 2020-04-02 10:49:21 CEST.

Flavor Version Tinstall Tcheck Ttotal Status Flags
r-devel-linux-x86_64-debian-clang 3.1 7.94 56.98 64.92 OK
r-devel-linux-x86_64-debian-gcc 3.1 6.58 43.87 50.45 OK
r-devel-linux-x86_64-fedora-clang 3.1 79.71 OK
r-devel-linux-x86_64-fedora-gcc 3.1 76.94 OK
r-devel-windows-ix86+x86_64 3.1 28.00 105.00 133.00 OK
r-devel-windows-ix86+x86_64-gcc8 3.1 26.00 114.00 140.00 OK
r-patched-linux-x86_64 3.1 7.29 56.53 63.82 OK
r-patched-solaris-x86 3.1 113.00 OK
r-release-linux-x86_64 3.1 6.97 52.60 59.57 OK
r-release-windows-ix86+x86_64 3.1 23.00 136.00 159.00 OK
r-release-osx-x86_64 3.1 ERROR
r-oldrel-windows-ix86+x86_64 3.1 20.00 108.00 128.00 OK
r-oldrel-osx-x86_64 3.1 ERROR

Check Details

Version: 3.1
Check: package dependencies
Result: ERROR
    Package required but not available: ‘rpanel’
    
    See section ‘The DESCRIPTION file’ in the ‘Writing R Extensions’
    manual.
Flavors: r-release-osx-x86_64, r-oldrel-osx-x86_64