Last updated on 2023-12-06 05:53:09 CET.
Flavor | Version | Tinstall | Tcheck | Ttotal | Status | Flags |
---|---|---|---|---|---|---|
r-devel-linux-x86_64-debian-clang | 0.46 | 9.76 | 81.88 | 91.64 | OK | |
r-devel-linux-x86_64-debian-gcc | 0.46 | 10.75 | 64.22 | 74.97 | OK | |
r-devel-linux-x86_64-fedora-clang | 0.46 | 122.78 | OK | |||
r-devel-linux-x86_64-fedora-gcc | 0.46 | 126.30 | OK | |||
r-devel-windows-x86_64 | 0.46 | 12.00 | 100.00 | 112.00 | OK | |
r-patched-linux-x86_64 | 0.46 | 17.84 | 78.28 | 96.12 | OK | |
r-release-linux-x86_64 | 0.46 | 9.45 | 80.03 | 89.48 | OK | |
r-release-macos-arm64 | 0.46 | 40.00 | OK | |||
r-release-macos-x86_64 | 0.46 | 60.00 | NOTE | |||
r-release-windows-x86_64 | 0.46 | 16.00 | 112.00 | 128.00 | OK | |
r-oldrel-macos-arm64 | 0.46 | 33.00 | OK | |||
r-oldrel-macos-x86_64 | 0.46 | 45.00 | OK | |||
r-oldrel-windows-x86_64 | 0.46 | 17.00 | 106.00 | 123.00 | OK |
Version: 0.46
Check: package dependencies
Result: NOTE
Packages suggested but not available for checking:
'raster', 'rasterVis', 'meteoForecast'
Flavor: r-release-macos-x86_64