CRAN Package Check Results for Package solitude

Last updated on 2023-01-31 10:52:23 CET.

Flavor Version Tinstall Tcheck Ttotal Status Flags
r-devel-linux-x86_64-debian-clang 1.1.3 3.71 35.02 38.73 OK
r-devel-linux-x86_64-debian-gcc 1.1.3 2.67 25.48 28.15 OK
r-devel-linux-x86_64-fedora-clang 1.1.3 45.67 NOTE
r-devel-linux-x86_64-fedora-gcc 1.1.3 43.67 NOTE
r-devel-windows-x86_64 1.1.3 12.00 61.00 73.00 OK
r-patched-linux-x86_64 1.1.3 3.80 32.75 36.55 OK
r-release-linux-x86_64 1.1.3 3.30 33.16 36.46 OK
r-release-macos-arm64 1.1.3 19.00 NOTE
r-release-macos-x86_64 1.1.3 24.00 NOTE
r-release-windows-x86_64 1.1.3 9.00 63.00 72.00 OK
r-oldrel-macos-arm64 1.1.3 22.00 NOTE
r-oldrel-macos-x86_64 1.1.3 25.00 NOTE
r-oldrel-windows-ix86+x86_64 1.1.3 8.00 62.00 70.00 OK

Check Details

Version: 1.1.3
Check: dependencies in R code
Result: NOTE
    Namespaces in Imports field not imported from:
     ‘R6’ ‘lgr’
     All declared Imports should be used.
Flavors: r-devel-linux-x86_64-fedora-clang, r-devel-linux-x86_64-fedora-gcc, r-release-macos-arm64, r-release-macos-x86_64, r-oldrel-macos-arm64, r-oldrel-macos-x86_64