CRAN Package Check Results for Package sommer

Last updated on 2020-06-04 19:49:09 CEST.

Flavor Version Tinstall Tcheck Ttotal Status Flags
r-devel-linux-x86_64-debian-clang 4.0.9 73.82 545.53 619.35 OK
r-devel-linux-x86_64-debian-gcc 4.0.9 58.82 391.02 449.84 OK
r-devel-linux-x86_64-fedora-clang 4.0.9 748.83 NOTE
r-devel-linux-x86_64-fedora-gcc 4.0.9 742.85 OK
r-devel-windows-ix86+x86_64 4.0.9 155.00 229.00 384.00 NOTE --no-vignettes
r-patched-linux-x86_64 4.0.9 63.27 506.00 569.27 OK
r-patched-solaris-x86 4.0.9 1548.70 NOTE
r-release-linux-x86_64 4.0.9 61.95 497.88 559.83 OK
r-release-osx-x86_64 4.0.9 NOTE
r-release-windows-ix86+x86_64 4.0.9 130.00 241.00 371.00 NOTE --no-vignettes
r-oldrel-osx-x86_64 4.0.9 NOTE
r-oldrel-windows-ix86+x86_64 4.0.9 147.00 174.00 321.00 NOTE --no-vignettes

Check Details

Version: 4.0.9
Check: installed package size
Result: NOTE
     installed size is 10.5Mb
     sub-directories of 1Mb or more:
     data 1.4Mb
     doc 1.6Mb
     libs 6.7Mb
Flavors: r-devel-linux-x86_64-fedora-clang, r-patched-solaris-x86, r-release-osx-x86_64, r-oldrel-osx-x86_64

Version: 4.0.9
Flags: --no-vignettes
Check: installed package size
Result: NOTE
     installed size is 6.6Mb
     sub-directories of 1Mb or more:
     data 1.4Mb
     doc 1.6Mb
     libs 2.8Mb
Flavors: r-devel-windows-ix86+x86_64, r-release-windows-ix86+x86_64, r-oldrel-windows-ix86+x86_64