Last updated on 2023-10-01 10:57:59 CEST.
Flavor | Version | Tinstall | Tcheck | Ttotal | Status | Flags |
---|---|---|---|---|---|---|
r-devel-linux-x86_64-debian-clang | 0.0.4 | 11.26 | 102.49 | 113.75 | OK | |
r-devel-linux-x86_64-debian-gcc | 0.0.4 | 8.90 | 74.65 | 83.55 | OK | |
r-devel-linux-x86_64-fedora-clang | 0.0.4 | 142.21 | NOTE | |||
r-devel-linux-x86_64-fedora-gcc | 0.0.4 | 159.30 | NOTE | |||
r-devel-windows-x86_64 | 0.0.4 | 12.00 | 106.00 | 118.00 | OK | |
r-patched-linux-x86_64 | 0.0.4 | 11.96 | 97.72 | 109.68 | OK | |
r-release-linux-x86_64 | 0.0.4 | 10.69 | 96.65 | 107.34 | OK | |
r-release-macos-arm64 | 0.0.4 | 48.00 | OK | |||
r-release-macos-x86_64 | 0.0.4 | 72.00 | OK | |||
r-release-windows-x86_64 | 0.0.4 | 15.00 | 117.00 | 132.00 | OK | |
r-oldrel-macos-arm64 | 0.0.4 | 38.00 | NOTE | |||
r-oldrel-macos-x86_64 | 0.0.4 | 73.00 | NOTE | |||
r-oldrel-windows-x86_64 | 0.0.4 | 15.00 | 127.00 | 142.00 | OK |
Version: 0.0.4
Check: dependencies in R code
Result: NOTE
Namespace in Imports field not imported from: ‘methods’
All declared Imports should be used.
Flavors: r-devel-linux-x86_64-fedora-clang, r-devel-linux-x86_64-fedora-gcc, r-oldrel-macos-arm64, r-oldrel-macos-x86_64