Last updated on 2022-05-24 17:51:38 CEST.
Flavor | Version | Tinstall | Tcheck | Ttotal | Status | Flags |
---|---|---|---|---|---|---|
r-devel-linux-x86_64-debian-clang | 0.0.4 | 10.70 | 114.05 | 124.75 | OK | |
r-devel-linux-x86_64-debian-gcc | 0.0.4 | 9.44 | 85.02 | 94.46 | OK | |
r-devel-linux-x86_64-fedora-clang | 0.0.4 | 144.43 | NOTE | |||
r-devel-linux-x86_64-fedora-gcc | 0.0.4 | 132.95 | NOTE | |||
r-devel-windows-x86_64 | 0.0.4 | 169.00 | 141.00 | 310.00 | OK | |
r-patched-linux-x86_64 | 0.0.4 | 11.70 | 106.39 | 118.09 | OK | |
r-release-linux-x86_64 | 0.0.4 | OK | ||||
r-release-macos-arm64 | 0.0.4 | 38.00 | NOTE | |||
r-release-macos-x86_64 | 0.0.4 | 73.00 | NOTE | |||
r-release-windows-x86_64 | 0.0.4 | 161.00 | 141.00 | 302.00 | OK | |
r-oldrel-macos-arm64 | 0.0.4 | 43.00 | NOTE | |||
r-oldrel-macos-x86_64 | 0.0.4 | 79.00 | NOTE | |||
r-oldrel-windows-ix86+x86_64 | 0.0.4 | 26.00 | 122.00 | 148.00 | OK |
Version: 0.0.4
Check: dependencies in R code
Result: NOTE
Namespace in Imports field not imported from: ‘methods’
All declared Imports should be used.
Flavors: r-devel-linux-x86_64-fedora-clang, r-devel-linux-x86_64-fedora-gcc, r-release-macos-arm64, r-release-macos-x86_64, r-oldrel-macos-arm64, r-oldrel-macos-x86_64