Last updated on 2023-04-01 09:55:38 CEST.
Flavor | Version | Tinstall | Tcheck | Ttotal | Status | Flags |
---|---|---|---|---|---|---|
r-devel-linux-x86_64-debian-clang | 0.0.4 | 11.79 | 101.44 | 113.23 | OK | |
r-devel-linux-x86_64-debian-gcc | 0.0.4 | 8.72 | 73.72 | 82.44 | OK | |
r-devel-linux-x86_64-fedora-clang | 0.0.4 | 137.31 | NOTE | |||
r-devel-linux-x86_64-fedora-gcc | 0.0.4 | 150.65 | NOTE | |||
r-patched-linux-x86_64 | 0.0.4 | 10.34 | 92.95 | 103.29 | OK | |
r-release-linux-x86_64 | 0.0.4 | 9.59 | 93.76 | 103.35 | OK | |
r-release-macos-arm64 | 0.0.4 | 38.00 | NOTE | |||
r-release-macos-x86_64 | 0.0.4 | 73.00 | NOTE | |||
r-release-windows-x86_64 | 0.0.4 | 185.00 | 139.00 | 324.00 | OK | |
r-oldrel-macos-arm64 | 0.0.4 | 43.00 | NOTE | |||
r-oldrel-macos-x86_64 | 0.0.4 | 79.00 | NOTE | |||
r-oldrel-windows-ix86+x86_64 | 0.0.4 | 23.00 | 123.00 | 146.00 | NOTE |
Version: 0.0.4
Check: dependencies in R code
Result: NOTE
Namespace in Imports field not imported from: ‘methods’
All declared Imports should be used.
Flavors: r-devel-linux-x86_64-fedora-clang, r-devel-linux-x86_64-fedora-gcc, r-release-macos-arm64, r-release-macos-x86_64, r-oldrel-macos-arm64, r-oldrel-macos-x86_64
Version: 0.0.4
Check: dependencies in R code
Result: NOTE
Initiating curl with CURL_SSL_BACKEND: openssl
Flavor: r-oldrel-windows-ix86+x86_64