CRAN Package Check Results for Package soptdmaeA

Last updated on 2020-10-21 03:47:33 CEST.

Flavor Version Tinstall Tcheck Ttotal Status Flags
r-devel-linux-x86_64-debian-clang 1.0.0 10.97 71.41 82.38 OK
r-devel-linux-x86_64-debian-gcc 1.0.0 7.98 56.13 64.11 OK
r-devel-linux-x86_64-fedora-clang 1.0.0 105.78 OK
r-devel-linux-x86_64-fedora-gcc 1.0.0 100.90 OK
r-devel-windows-ix86+x86_64 1.0.0 14.00 63.00 77.00 OK
r-patched-linux-x86_64 1.0.0 9.06 65.99 75.05 OK
r-patched-solaris-x86 1.0.0 144.60 OK
r-release-linux-x86_64 1.0.0 9.69 65.80 75.49 OK
r-release-macos-x86_64 1.0.0 OK
r-release-windows-ix86+x86_64 1.0.0 19.00 67.00 86.00 OK
r-oldrel-macos-x86_64 1.0.0 FAIL
r-oldrel-windows-ix86+x86_64 1.0.0 13.00 82.00 95.00 OK

Check Details

Version: 1.0.0
Check: whether package can be installed
Result: FAIL
Flavor: r-oldrel-macos-x86_64