CRAN Package Check Results for Package sotu

Last updated on 2023-02-06 04:55:53 CET.

Flavor Version Tinstall Tcheck Ttotal Status Flags
r-devel-linux-x86_64-debian-clang 1.0.4 4.64 23.75 28.39 OK
r-devel-linux-x86_64-debian-gcc 1.0.4 4.25 18.57 22.82 OK
r-devel-linux-x86_64-fedora-clang 1.0.4 36.34 NOTE
r-devel-linux-x86_64-fedora-gcc 1.0.4 36.98 NOTE
r-devel-windows-x86_64 1.0.4 10.00 52.00 62.00 OK
r-patched-linux-x86_64 1.0.4 4.14 23.17 27.31 OK
r-release-linux-x86_64 1.0.4 4.59 24.90 29.49 OK
r-release-macos-arm64 1.0.4 15.00 NOTE
r-release-macos-x86_64 1.0.4 24.00 NOTE
r-release-windows-x86_64 1.0.4 8.00 50.00 58.00 OK
r-oldrel-macos-arm64 1.0.4 16.00 NOTE
r-oldrel-macos-x86_64 1.0.4 26.00 NOTE
r-oldrel-windows-ix86+x86_64 1.0.4 9.00 48.00 57.00 OK

Check Details

Version: 1.0.4
Check: data for non-ASCII characters
Result: NOTE
     Note: found 4 marked UTF-8 strings
Flavors: r-devel-linux-x86_64-fedora-clang, r-devel-linux-x86_64-fedora-gcc, r-release-macos-arm64, r-release-macos-x86_64, r-oldrel-macos-arm64, r-oldrel-macos-x86_64