CRAN Package Check Results for Package soundgen

Last updated on 2018-01-16 09:50:01 CET.

Flavor Version Tinstall Tcheck Ttotal Status Flags
r-devel-linux-x86_64-debian-clang 1.1.1 2.57 141.84 144.41 OK
r-devel-linux-x86_64-debian-gcc 1.1.1 1.83 116.20 118.03 OK
r-devel-linux-x86_64-fedora-clang 1.1.1 183.28 OK
r-devel-linux-x86_64-fedora-gcc 1.1.1 179.08 OK
r-devel-windows-ix86+x86_64 1.1.1 6.00 209.00 215.00 OK
r-patched-linux-x86_64 1.1.1 1.89 161.90 163.79 OK
r-patched-solaris-x86 1.1.1 269.30 OK
r-release-linux-x86_64 1.1.1 1.94 161.78 163.72 OK
r-release-windows-ix86+x86_64 1.1.1 8.00 219.00 227.00 OK
r-release-osx-x86_64 1.1.1 ERROR
r-oldrel-osx-x86_64 1.1.1 ERROR

Check Details

Version: 1.1.1
Check: package dependencies
Result: ERROR
    Package required but not available: ‘seewave’
    
    See section ‘The DESCRIPTION file’ in the ‘Writing R Extensions’
    manual.
Flavor: r-release-osx-x86_64

Version: 1.1.1
Check: whether package can be installed
Result: ERROR
    Installation failed.
Flavor: r-oldrel-osx-x86_64