CRAN Package Check Results for Package soundgen

Last updated on 2019-03-23 11:51:29 CET.

Flavor Version Tinstall Tcheck Ttotal Status Flags
r-devel-linux-x86_64-debian-clang 1.4.0 10.60 197.81 208.41 WARN
r-devel-linux-x86_64-debian-gcc 1.4.0 9.67 144.54 154.21 OK
r-devel-linux-x86_64-fedora-clang 1.4.0 260.73 OK
r-devel-linux-x86_64-fedora-gcc 1.4.0 264.59 OK
r-devel-windows-ix86+x86_64 1.4.0 24.00 262.00 286.00 OK
r-patched-linux-x86_64 1.4.0 10.25 205.81 216.06 OK
r-patched-solaris-x86 1.4.0 433.20 OK
r-release-linux-x86_64 1.4.0 0.74 3.86 4.60 ERROR
r-release-windows-ix86+x86_64 1.4.0 14.00 225.00 239.00 OK
r-release-osx-x86_64 1.4.0 OK
r-oldrel-windows-ix86+x86_64 1.4.0 10.00 313.00 323.00 OK
r-oldrel-osx-x86_64 1.4.0 OK

Check Details

Version: 1.4.0
Check: whether package can be installed
Result: WARN
    Found the following significant warnings:
     Warning: unable to re-encode 'analyze.R' lines 124, 133, 134, 145, 146
Flavor: r-devel-linux-x86_64-debian-clang

Version: 1.4.0
Check: whether package can be installed
Result: ERROR
    Installation failed.
Flavor: r-release-linux-x86_64