CRAN Package Check Results for Package sp

Last updated on 2021-06-19 04:54:03 CEST.

Flavor Version Tinstall Tcheck Ttotal Status Flags
r-devel-linux-x86_64-debian-clang 1.4-5 22.54 157.81 180.35 OK
r-devel-linux-x86_64-debian-gcc 1.4-5 16.95 119.00 135.95 OK
r-devel-linux-x86_64-fedora-clang 1.4-5 220.29 OK
r-devel-linux-x86_64-fedora-gcc 1.4-5 209.04 OK
r-devel-windows-x86_64 1.4-5 33.00 202.00 235.00 OK
r-devel-windows-x86_64-gcc10-UCRT 1.4-5 OK
r-patched-linux-x86_64 1.4-5 20.70 150.22 170.92 OK
r-patched-solaris-x86 1.4-5 276.00 OK
r-release-linux-x86_64 1.4-5 17.84 150.58 168.42 OK
r-release-macos-arm64 1.4-5 NOTE
r-release-macos-x86_64 1.4-5 OK
r-release-windows-ix86+x86_64 1.4-5 39.00 261.00 300.00 OK
r-oldrel-macos-x86_64 1.4-5 OK
r-oldrel-windows-ix86+x86_64 1.4-5 31.00 275.00 306.00 OK

Check Details

Version: 1.4-5
Check: package dependencies
Result: NOTE
    Package suggested but not available for checking: ‘rgdal’
Flavor: r-release-macos-arm64

Version: 1.4-5
Check: Rd cross-references
Result: NOTE
    Package unavailable to check Rd xrefs: ‘rgdal’
Flavor: r-release-macos-arm64