CRAN Package Check Results for Package sp

Last updated on 2020-04-08 10:47:30 CEST.

Flavor Version Tinstall Tcheck Ttotal Status Flags
r-devel-linux-x86_64-debian-clang 1.4-1 19.49 141.28 160.77 NOTE
r-devel-linux-x86_64-debian-gcc 1.4-1 16.43 107.73 124.16 NOTE
r-devel-linux-x86_64-fedora-clang 1.4-1 194.24 NOTE
r-devel-linux-x86_64-fedora-gcc 1.4-1 196.69 NOTE
r-devel-windows-ix86+x86_64 1.4-1 42.00 288.00 330.00 NOTE
r-devel-windows-ix86+x86_64-gcc8 1.4-1 38.00 212.00 250.00 NOTE
r-patched-linux-x86_64 1.4-1 19.51 137.84 157.35 NOTE
r-patched-solaris-x86 1.4-1 256.10 NOTE
r-release-linux-x86_64 1.4-1 18.46 128.74 147.20 NOTE
r-release-windows-ix86+x86_64 1.4-1 34.00 287.00 321.00 NOTE
r-release-osx-x86_64 1.4-1 NOTE
r-oldrel-windows-ix86+x86_64 1.4-1 47.00 265.00 312.00 NOTE
r-oldrel-osx-x86_64 1.4-1 NOTE

Check Details

Version: 1.4-1
Check: dependencies in R code
Result: NOTE
    Missing or unexported objects:
     'rgdal::checkCRSArgs_ng' 'rgdal::new_proj_and_gdal'
Flavors: r-devel-linux-x86_64-debian-clang, r-devel-linux-x86_64-debian-gcc, r-devel-linux-x86_64-fedora-clang, r-devel-linux-x86_64-fedora-gcc, r-devel-windows-ix86+x86_64, r-devel-windows-ix86+x86_64-gcc8, r-patched-linux-x86_64, r-patched-solaris-x86, r-release-linux-x86_64, r-release-windows-ix86+x86_64, r-release-osx-x86_64, r-oldrel-windows-ix86+x86_64, r-oldrel-osx-x86_64