Last updated on 2021-02-25 05:48:36 CET.
Flavor | Version | Tinstall | Tcheck | Ttotal | Status | Flags |
---|---|---|---|---|---|---|
r-devel-linux-x86_64-debian-clang | 1.0 | 252.07 | 83.71 | 335.78 | OK | |
r-devel-linux-x86_64-debian-gcc | 1.0 | 169.88 | 62.67 | 232.55 | OK | |
r-devel-linux-x86_64-fedora-clang | 1.0 | 476.55 | NOTE | |||
r-devel-linux-x86_64-fedora-gcc | 1.0 | 420.77 | OK | |||
r-devel-windows-ix86+x86_64 | 1.0 | 432.00 | 124.00 | 556.00 | NOTE | |
r-patched-linux-x86_64 | 1.0 | 200.22 | 77.63 | 277.85 | OK | |
r-patched-solaris-x86 | 1.0 | 416.40 | NOTE | |||
r-release-linux-x86_64 | 1.0 | 192.59 | 77.03 | 269.62 | OK | |
r-release-macos-x86_64 | 1.0 | NOTE | ||||
r-release-windows-ix86+x86_64 | 1.0 | 562.00 | 143.00 | 705.00 | NOTE | |
r-oldrel-macos-x86_64 | 1.0 | NOTE | ||||
r-oldrel-windows-ix86+x86_64 | 1.0 | 382.00 | 117.00 | 499.00 | NOTE |
Version: 1.0
Check: installed package size
Result: NOTE
installed size is 17.4Mb
sub-directories of 1Mb or more:
data 5.6Mb
libs 11.2Mb
Flavors: r-devel-linux-x86_64-fedora-clang, r-devel-windows-ix86+x86_64, r-patched-solaris-x86, r-release-macos-x86_64, r-release-windows-ix86+x86_64, r-oldrel-macos-x86_64, r-oldrel-windows-ix86+x86_64