CRAN Package Check Results for Package spBFA

Last updated on 2020-02-25 04:48:18 CET.

Flavor Version Tinstall Tcheck Ttotal Status Flags
r-devel-linux-x86_64-debian-clang 1.0 236.54 76.39 312.93 OK
r-devel-linux-x86_64-debian-gcc 1.0 161.46 59.99 221.45 OK
r-devel-linux-x86_64-fedora-clang 1.0 457.61 NOTE
r-devel-linux-x86_64-fedora-gcc 1.0 410.33 OK
r-devel-windows-ix86+x86_64 1.0 415.00 117.00 532.00 NOTE
r-devel-windows-ix86+x86_64-gcc8 1.0 628.00 125.00 753.00 NOTE
r-patched-linux-x86_64 1.0 195.08 68.48 263.56 OK
r-patched-solaris-x86 1.0 388.70 NOTE
r-release-linux-x86_64 1.0 192.78 69.10 261.88 OK
r-release-windows-ix86+x86_64 1.0 381.00 112.00 493.00 NOTE
r-release-osx-x86_64 1.0 NOTE
r-oldrel-windows-ix86+x86_64 1.0 394.00 116.00 510.00 NOTE
r-oldrel-osx-x86_64 1.0 NOTE

Check Details

Version: 1.0
Check: installed package size
Result: NOTE
     installed size is 16.7Mb
     sub-directories of 1Mb or more:
     data 5.6Mb
     libs 10.5Mb
Flavors: r-devel-linux-x86_64-fedora-clang, r-devel-windows-ix86+x86_64, r-devel-windows-ix86+x86_64-gcc8, r-patched-solaris-x86, r-release-windows-ix86+x86_64, r-release-osx-x86_64, r-oldrel-windows-ix86+x86_64, r-oldrel-osx-x86_64