CRAN Package Check Results for Package spBayesSurv

Last updated on 2020-03-28 22:47:51 CET.

Flavor Version Tinstall Tcheck Ttotal Status Flags
r-devel-linux-x86_64-debian-clang 1.1.4 OK
r-devel-linux-x86_64-debian-gcc 1.1.4 363.04 60.13 423.17 OK
r-devel-linux-x86_64-fedora-clang 1.1.4 912.26 NOTE
r-devel-linux-x86_64-fedora-gcc 1.1.4 798.20 NOTE
r-devel-windows-ix86+x86_64 1.1.4 841.00 140.00 981.00 NOTE
r-devel-windows-ix86+x86_64-gcc8 1.1.4 825.00 162.00 987.00 NOTE
r-patched-linux-x86_64 1.1.4 396.34 80.16 476.50 OK
r-patched-solaris-x86 1.1.4 612.40 NOTE
r-release-linux-x86_64 1.1.4 396.91 73.55 470.46 OK
r-release-windows-ix86+x86_64 1.1.4 1067.00 161.00 1228.00 NOTE
r-release-osx-x86_64 1.1.4 NOTE
r-oldrel-windows-ix86+x86_64 1.1.4 990.00 179.00 1169.00 NOTE
r-oldrel-osx-x86_64 1.1.4 NOTE

Check Details

Version: 1.1.4
Check: installed package size
Result: NOTE
     installed size is 35.7Mb
     sub-directories of 1Mb or more:
     libs 34.8Mb
Flavors: r-devel-linux-x86_64-fedora-clang, r-devel-windows-ix86+x86_64, r-devel-windows-ix86+x86_64-gcc8, r-release-windows-ix86+x86_64, r-release-osx-x86_64, r-oldrel-windows-ix86+x86_64, r-oldrel-osx-x86_64

Version: 1.1.4
Check: dependencies in R code
Result: NOTE
    Namespace in Imports field not imported from: ‘MASS’
     All declared Imports should be used.
Flavors: r-devel-linux-x86_64-fedora-clang, r-devel-linux-x86_64-fedora-gcc, r-patched-solaris-x86, r-release-osx-x86_64, r-oldrel-osx-x86_64