CRAN Package Check Results for Package spBayesSurv

Last updated on 2019-10-16 19:46:35 CEST.

Flavor Version Tinstall Tcheck Ttotal Status Flags
r-devel-linux-x86_64-debian-clang 1.1.3 468.90 85.60 554.50 OK
r-devel-linux-x86_64-debian-gcc 1.1.3 368.91 66.02 434.93 OK
r-devel-linux-x86_64-fedora-clang 1.1.3 820.42 NOTE
r-devel-linux-x86_64-fedora-gcc 1.1.3 783.95 NOTE
r-devel-windows-ix86+x86_64 1.1.3 940.00 210.00 1150.00 NOTE
r-patched-linux-x86_64 1.1.3 376.26 85.12 461.38 OK
r-patched-solaris-x86 1.1.3 602.50 NOTE
r-release-linux-x86_64 1.1.3 375.99 85.46 461.45 OK
r-release-windows-ix86+x86_64 1.1.3 679.00 145.00 824.00 NOTE
r-release-osx-x86_64 1.1.3 NOTE
r-oldrel-windows-ix86+x86_64 1.1.3 718.00 165.00 883.00 NOTE
r-oldrel-osx-x86_64 1.1.3 NOTE

Check Details

Version: 1.1.3
Check: installed package size
Result: NOTE
     installed size is 31.9Mb
     sub-directories of 1Mb or more:
     libs 30.1Mb
Flavors: r-devel-linux-x86_64-fedora-clang, r-devel-windows-ix86+x86_64, r-release-windows-ix86+x86_64, r-release-osx-x86_64, r-oldrel-windows-ix86+x86_64, r-oldrel-osx-x86_64

Version: 1.1.3
Check: dependencies in R code
Result: NOTE
    Namespace in Imports field not imported from: ‘MASS’
     All declared Imports should be used.
Flavors: r-devel-linux-x86_64-fedora-clang, r-devel-linux-x86_64-fedora-gcc, r-patched-solaris-x86, r-release-osx-x86_64, r-oldrel-osx-x86_64