CRAN Package Check Results for Package spBayesSurv

Last updated on 2019-07-19 03:47:00 CEST.

Flavor Version Tinstall Tcheck Ttotal Status Flags
r-devel-linux-x86_64-debian-clang 1.1.3 403.99 87.81 491.80 OK
r-devel-linux-x86_64-debian-gcc 1.1.3 337.96 68.98 406.94 OK
r-devel-linux-x86_64-fedora-clang 1.1.3 738.39 NOTE
r-devel-linux-x86_64-fedora-gcc 1.1.3 786.20 NOTE
r-devel-windows-ix86+x86_64 1.1.3 899.00 208.00 1107.00 NOTE
r-patched-linux-x86_64 1.1.3 389.05 88.55 477.60 OK
r-patched-solaris-x86 1.1.3 654.40 NOTE
r-release-linux-x86_64 1.1.3 373.32 90.49 463.81 OK
r-release-windows-ix86+x86_64 1.1.3 657.00 161.00 818.00 NOTE
r-release-osx-x86_64 1.1.3 NOTE
r-oldrel-windows-ix86+x86_64 1.1.3 646.00 196.00 842.00 NOTE
r-oldrel-osx-x86_64 1.1.3 NOTE

Check Details

Version: 1.1.3
Check: installed package size
Result: NOTE
     installed size is 28.0Mb
     sub-directories of 1Mb or more:
     libs 26.1Mb
Flavors: r-devel-linux-x86_64-fedora-clang, r-devel-windows-ix86+x86_64, r-release-windows-ix86+x86_64, r-release-osx-x86_64, r-oldrel-windows-ix86+x86_64, r-oldrel-osx-x86_64

Version: 1.1.3
Check: dependencies in R code
Result: NOTE
    Namespace in Imports field not imported from: ‘MASS’
     All declared Imports should be used.
Flavors: r-devel-linux-x86_64-fedora-clang, r-devel-linux-x86_64-fedora-gcc, r-patched-solaris-x86, r-release-osx-x86_64, r-oldrel-osx-x86_64