CRAN Package Check Results for Package spCP

Last updated on 2021-05-15 22:50:28 CEST.

Flavor Version Tinstall Tcheck Ttotal Status Flags
r-devel-linux-x86_64-debian-clang 1.2 256.55 250.78 507.33 OK
r-devel-linux-x86_64-debian-gcc 1.2 168.57 178.19 346.76 OK
r-devel-linux-x86_64-fedora-clang 1.2 688.02 NOTE
r-devel-linux-x86_64-fedora-gcc 1.2 639.05 OK
r-devel-windows-ix86+x86_64 1.2 632.00 407.00 1039.00 OK
r-devel-windows-x86_64-gcc10-UCRT 1.2 OK
r-patched-linux-x86_64 1.2 198.43 245.21 443.64 OK
r-patched-solaris-x86 1.2 847.00 OK
r-release-linux-x86_64 1.2 204.59 241.41 446.00 OK
r-release-macos-x86_64 1.2 NOTE
r-release-windows-ix86+x86_64 1.2 452.00 482.00 934.00 OK
r-oldrel-macos-x86_64 1.2 NOTE
r-oldrel-windows-ix86+x86_64 1.2 403.00 480.00 883.00 OK

Check Details

Version: 1.2
Check: installed package size
Result: NOTE
     installed size is 8.6Mb
     sub-directories of 1Mb or more:
     libs 7.9Mb
Flavors: r-devel-linux-x86_64-fedora-clang, r-release-macos-x86_64, r-oldrel-macos-x86_64