CRAN Package Check Results for Package spData

Last updated on 2020-05-28 17:50:19 CEST.

Flavor Version Tinstall Tcheck Ttotal Status Flags
r-devel-linux-x86_64-debian-clang 0.3.5 11.19 88.97 100.16 NOTE
r-devel-linux-x86_64-debian-gcc 0.3.5 8.90 70.39 79.29 NOTE
r-devel-linux-x86_64-fedora-clang 0.3.5 116.51 NOTE
r-devel-linux-x86_64-fedora-gcc 0.3.5 114.93 NOTE
r-devel-windows-ix86+x86_64 0.3.5 27.00 113.00 140.00 NOTE
r-patched-linux-x86_64 0.3.5 9.88 86.88 96.76 NOTE
r-patched-solaris-x86 0.3.5 182.90 NOTE
r-release-linux-x86_64 0.3.5 10.76 89.38 100.14 NOTE
r-release-osx-x86_64 0.3.5 NOTE
r-release-windows-ix86+x86_64 0.3.5 20.00 97.00 117.00 NOTE
r-oldrel-osx-x86_64 0.3.5 NOTE
r-oldrel-windows-ix86+x86_64 0.3.5 19.00 99.00 118.00 NOTE

Check Details

Version: 0.3.5
Check: package dependencies
Result: NOTE
    Package suggested but not available for checking: 'spDataLarge'
Flavors: r-devel-linux-x86_64-debian-clang, r-devel-linux-x86_64-debian-gcc, r-devel-linux-x86_64-fedora-clang, r-devel-linux-x86_64-fedora-gcc, r-devel-windows-ix86+x86_64, r-patched-linux-x86_64, r-patched-solaris-x86, r-release-linux-x86_64, r-release-osx-x86_64, r-release-windows-ix86+x86_64, r-oldrel-osx-x86_64, r-oldrel-windows-ix86+x86_64

Version: 0.3.5
Check: installed package size
Result: NOTE
     installed size is 6.2Mb
     sub-directories of 1Mb or more:
     data 2.2Mb
     shapes 3.2Mb
Flavors: r-devel-linux-x86_64-fedora-clang, r-devel-windows-ix86+x86_64, r-patched-solaris-x86, r-release-osx-x86_64, r-release-windows-ix86+x86_64, r-oldrel-osx-x86_64, r-oldrel-windows-ix86+x86_64

Version: 0.3.5
Check: data for non-ASCII characters
Result: NOTE
     Note: found 56 marked UTF-8 strings
Flavors: r-devel-linux-x86_64-fedora-clang, r-devel-linux-x86_64-fedora-gcc, r-patched-solaris-x86, r-release-osx-x86_64, r-oldrel-osx-x86_64