CRAN Package Check Results for Package spFSR

Last updated on 2020-06-04 03:49:32 CEST.

Flavor Version Tinstall Tcheck Ttotal Status Flags
r-devel-linux-x86_64-debian-clang 1.0.0 10.06 96.56 106.62 OK
r-devel-linux-x86_64-debian-gcc 1.0.0 8.47 73.54 82.01 OK
r-devel-linux-x86_64-fedora-clang 1.0.0 132.26 NOTE
r-devel-linux-x86_64-fedora-gcc 1.0.0 127.47 NOTE
r-devel-windows-ix86+x86_64 1.0.0 38.00 191.00 229.00 OK
r-patched-linux-x86_64 1.0.0 10.28 94.21 104.49 OK
r-patched-solaris-x86 1.0.0 281.90 NOTE
r-release-linux-x86_64 1.0.0 11.40 95.00 106.40 OK
r-release-osx-x86_64 1.0.0 NOTE
r-release-windows-ix86+x86_64 1.0.0 20.00 124.00 144.00 OK
r-oldrel-osx-x86_64 1.0.0 NOTE
r-oldrel-windows-ix86+x86_64 1.0.0 23.00 135.00 158.00 OK

Check Details

Version: 1.0.0
Check: dependencies in R code
Result: NOTE
    Namespaces in Imports field not imported from:
     ‘class’ ‘mlbench’
     All declared Imports should be used.
Flavors: r-devel-linux-x86_64-fedora-clang, r-devel-linux-x86_64-fedora-gcc, r-patched-solaris-x86, r-release-osx-x86_64, r-oldrel-osx-x86_64