Last updated on 2021-04-10 20:49:25 CEST.
Flavor | Version | Tinstall | Tcheck | Ttotal | Status | Flags |
---|---|---|---|---|---|---|
r-devel-linux-x86_64-debian-clang | 1.0.0 | 10.78 | 106.94 | 117.72 | NOTE | |
r-devel-linux-x86_64-debian-gcc | 1.0.0 | 8.15 | 79.59 | 87.74 | NOTE | |
r-devel-linux-x86_64-fedora-clang | 1.0.0 | 142.65 | NOTE | |||
r-devel-linux-x86_64-fedora-gcc | 1.0.0 | 133.23 | NOTE | |||
r-devel-windows-ix86+x86_64 | 1.0.0 | 17.00 | 134.00 | 151.00 | NOTE | |
r-devel-windows-x86_64-gcc10-UCRT | 1.0.0 | NOTE | ||||
r-patched-linux-x86_64 | 1.0.0 | 10.11 | 100.20 | 110.31 | OK | |
r-patched-solaris-x86 | 1.0.0 | 283.30 | NOTE | |||
r-release-linux-x86_64 | 1.0.0 | 10.63 | 98.11 | 108.74 | OK | |
r-release-macos-x86_64 | 1.0.0 | NOTE | ||||
r-release-windows-ix86+x86_64 | 1.0.0 | 27.00 | 164.00 | 191.00 | OK | |
r-oldrel-macos-x86_64 | 1.0.0 | NOTE | ||||
r-oldrel-windows-ix86+x86_64 | 1.0.0 | 21.00 | 113.00 | 134.00 | OK |
Version: 1.0.0
Check: LazyData
Result: NOTE
'LazyData' is specified without a 'data' directory
Flavors: r-devel-linux-x86_64-debian-clang, r-devel-linux-x86_64-debian-gcc, r-devel-linux-x86_64-fedora-clang, r-devel-linux-x86_64-fedora-gcc, r-devel-windows-ix86+x86_64, r-devel-windows-x86_64-gcc10-UCRT
Version: 1.0.0
Check: dependencies in R code
Result: NOTE
Namespaces in Imports field not imported from:
‘class’ ‘mlbench’
All declared Imports should be used.
Flavors: r-devel-linux-x86_64-fedora-clang, r-devel-linux-x86_64-fedora-gcc, r-devel-windows-x86_64-gcc10-UCRT, r-patched-solaris-x86, r-release-macos-x86_64, r-oldrel-macos-x86_64