CRAN Package Check Results for Package spFSR

Last updated on 2019-11-20 05:47:21 CET.

Flavor Version Tinstall Tcheck Ttotal Status Flags
r-devel-linux-x86_64-debian-clang 1.0.0 8.13 91.49 99.62 OK
r-devel-linux-x86_64-debian-gcc 1.0.0 7.85 73.11 80.96 OK
r-devel-linux-x86_64-fedora-clang 1.0.0 119.00 NOTE
r-devel-linux-x86_64-fedora-gcc 1.0.0 118.55 NOTE
r-devel-windows-ix86+x86_64 1.0.0 42.00 133.00 175.00 OK
r-devel-windows-ix86+x86_64-gcc8 1.0.0 18.00 135.00 153.00 OK
r-patched-linux-x86_64 1.0.0 6.76 85.10 91.86 OK
r-patched-solaris-x86 1.0.0 246.60 NOTE
r-release-linux-x86_64 1.0.0 8.45 87.02 95.47 OK
r-release-windows-ix86+x86_64 1.0.0 26.00 174.00 200.00 OK
r-release-osx-x86_64 1.0.0 NOTE
r-oldrel-windows-ix86+x86_64 1.0.0 11.00 185.00 196.00 OK
r-oldrel-osx-x86_64 1.0.0 NOTE

Check Details

Version: 1.0.0
Check: dependencies in R code
Result: NOTE
    Namespaces in Imports field not imported from:
     ‘class’ ‘mlbench’
     All declared Imports should be used.
Flavors: r-devel-linux-x86_64-fedora-clang, r-devel-linux-x86_64-fedora-gcc, r-patched-solaris-x86, r-release-osx-x86_64, r-oldrel-osx-x86_64