CRAN Package Check Results for Package spFSR

Last updated on 2020-10-30 11:50:58 CET.

Flavor Version Tinstall Tcheck Ttotal Status Flags
r-devel-linux-x86_64-debian-clang 1.0.0 11.15 106.59 117.74 OK
r-devel-linux-x86_64-debian-gcc 1.0.0 8.68 76.27 84.95 OK
r-devel-linux-x86_64-fedora-clang 1.0.0 137.93 NOTE
r-devel-linux-x86_64-fedora-gcc 1.0.0 128.67 NOTE
r-devel-windows-ix86+x86_64 1.0.0 26.00 155.00 181.00 OK
r-patched-linux-x86_64 1.0.0 9.74 92.79 102.53 OK
r-patched-solaris-x86 1.0.0 281.30 NOTE
r-release-linux-x86_64 1.0.0 9.95 93.51 103.46 OK
r-release-macos-x86_64 1.0.0 NOTE
r-release-windows-ix86+x86_64 1.0.0 18.00 164.00 182.00 OK
r-oldrel-macos-x86_64 1.0.0 NOTE
r-oldrel-windows-ix86+x86_64 1.0.0 21.00 158.00 179.00 OK

Check Details

Version: 1.0.0
Check: dependencies in R code
Result: NOTE
    Namespaces in Imports field not imported from:
     ‘class’ ‘mlbench’
     All declared Imports should be used.
Flavors: r-devel-linux-x86_64-fedora-clang, r-devel-linux-x86_64-fedora-gcc, r-patched-solaris-x86, r-release-macos-x86_64, r-oldrel-macos-x86_64