CRAN Package Check Results for Package spFSR

Last updated on 2019-05-25 17:48:26 CEST.

Flavor Version Tinstall Tcheck Ttotal Status Flags
r-devel-linux-x86_64-debian-clang 1.0.0 8.19 90.56 98.75 OK
r-devel-linux-x86_64-debian-gcc 1.0.0 7.03 69.41 76.44 OK
r-devel-linux-x86_64-fedora-clang 1.0.0 116.08 NOTE
r-devel-linux-x86_64-fedora-gcc 1.0.0 114.88 NOTE
r-devel-windows-ix86+x86_64 1.0.0 22.00 181.00 203.00 OK
r-patched-linux-x86_64 1.0.0 OK
r-patched-solaris-x86 1.0.0 273.40 NOTE
r-release-linux-x86_64 1.0.0 8.47 87.05 95.52 OK
r-release-windows-ix86+x86_64 1.0.0 34.00 177.00 211.00 OK
r-release-osx-x86_64 1.0.0 NOTE
r-oldrel-windows-ix86+x86_64 1.0.0 16.00 126.00 142.00 OK
r-oldrel-osx-x86_64 1.0.0 NOTE

Check Details

Version: 1.0.0
Check: dependencies in R code
Result: NOTE
    Namespaces in Imports field not imported from:
     ‘class’ ‘mlbench’
     All declared Imports should be used.
Flavors: r-devel-linux-x86_64-fedora-clang, r-devel-linux-x86_64-fedora-gcc, r-patched-solaris-x86, r-release-osx-x86_64, r-oldrel-osx-x86_64