CRAN Package Check Results for Package spFSR

Last updated on 2019-08-18 00:46:23 CEST.

Flavor Version Tinstall Tcheck Ttotal Status Flags
r-devel-linux-x86_64-debian-clang 1.0.0 9.47 90.33 99.80 OK
r-devel-linux-x86_64-debian-gcc 1.0.0 7.18 69.39 76.57 OK
r-devel-linux-x86_64-fedora-gcc 1.0.0 112.82 NOTE
r-devel-windows-ix86+x86_64 1.0.0 26.00 142.00 168.00 OK
r-patched-linux-x86_64 1.0.0 7.24 86.29 93.53 OK
r-patched-solaris-x86 1.0.0 236.10 NOTE
r-release-linux-x86_64 1.0.0 7.95 85.70 93.65 OK
r-release-windows-ix86+x86_64 1.0.0 22.00 173.00 195.00 OK
r-release-osx-x86_64 1.0.0 NOTE
r-oldrel-windows-ix86+x86_64 1.0.0 15.00 170.00 185.00 OK
r-oldrel-osx-x86_64 1.0.0 NOTE

Check Details

Version: 1.0.0
Check: dependencies in R code
Result: NOTE
    Namespaces in Imports field not imported from:
     ‘class’ ‘mlbench’
     All declared Imports should be used.
Flavors: r-devel-linux-x86_64-fedora-gcc, r-patched-solaris-x86, r-release-osx-x86_64, r-oldrel-osx-x86_64