CRAN Package Check Results for Package spFSR

Last updated on 2020-08-09 16:48:08 CEST.

Flavor Version Tinstall Tcheck Ttotal Status Flags
r-devel-linux-x86_64-debian-clang 1.0.0 9.38 97.42 106.80 OK
r-devel-linux-x86_64-debian-gcc 1.0.0 7.61 73.18 80.79 OK
r-devel-linux-x86_64-fedora-clang 1.0.0 134.58 NOTE
r-devel-linux-x86_64-fedora-gcc 1.0.0 124.54 NOTE
r-devel-windows-ix86+x86_64 1.0.0 29.00 189.00 218.00 OK
r-patched-linux-x86_64 1.0.0 9.83 94.53 104.36 OK
r-patched-solaris-x86 1.0.0 278.30 NOTE
r-release-linux-x86_64 1.0.0 10.10 92.36 102.46 OK
r-release-macos-x86_64 1.0.0 NOTE
r-release-windows-ix86+x86_64 1.0.0 35.00 186.00 221.00 OK
r-oldrel-macos-x86_64 1.0.0 NOTE
r-oldrel-windows-ix86+x86_64 1.0.0 19.00 137.00 156.00 OK

Check Details

Version: 1.0.0
Check: dependencies in R code
Result: NOTE
    Namespaces in Imports field not imported from:
     ‘class’ ‘mlbench’
     All declared Imports should be used.
Flavors: r-devel-linux-x86_64-fedora-clang, r-devel-linux-x86_64-fedora-gcc, r-patched-solaris-x86, r-release-macos-x86_64, r-oldrel-macos-x86_64