Last updated on 2023-02-05 17:51:35 CET.
Flavor | Version | Tinstall | Tcheck | Ttotal | Status | Flags |
---|---|---|---|---|---|---|
r-devel-linux-x86_64-debian-clang | 0.3.12 | 13.41 | 100.35 | 113.76 | WARN | |
r-devel-linux-x86_64-debian-gcc | 0.3.12 | 8.22 | 153.56 | 161.78 | WARN | |
r-devel-linux-x86_64-fedora-clang | 0.3.12 | 139.80 | WARN | |||
r-devel-linux-x86_64-fedora-gcc | 0.3.12 | 160.94 | WARN | |||
r-devel-windows-x86_64 | 0.3.12 | 38.00 | 147.00 | 185.00 | OK | |
r-patched-linux-x86_64 | 0.3.12 | 8.86 | 114.17 | 123.03 | OK | |
r-release-linux-x86_64 | 0.3.12 | 10.13 | 135.43 | 145.56 | OK | |
r-release-macos-arm64 | 0.3.12 | 31.00 | OK | |||
r-release-macos-x86_64 | 0.3.12 | 46.00 | OK | |||
r-release-windows-x86_64 | 0.3.12 | 37.00 | 102.00 | 139.00 | OK | |
r-oldrel-macos-arm64 | 0.3.12 | 39.00 | OK | |||
r-oldrel-macos-x86_64 | 0.3.12 | 51.00 | OK | |||
r-oldrel-windows-ix86+x86_64 | 0.3.12 | 23.00 | 144.00 | 167.00 | OK |
Version: 0.3.12
Check: whether package can be installed
Result: WARN
Found the following significant warnings:
./spMC.h:44:11: warning: a function declaration without a prototype is deprecated in all versions of C [-Wstrict-prototypes]
spMC.c:303:11: warning: a function declaration without a prototype is deprecated in all versions of C [-Wstrict-prototypes]
See ‘/home/hornik/tmp/R.check/r-devel-clang/Work/PKGS/spMC.Rcheck/00install.out’ for details.
* used C compiler: ‘Debian clang version 15.0.6’
Flavor: r-devel-linux-x86_64-debian-clang
Version: 0.3.12
Check: whether package can be installed
Result: WARN
Found the following significant warnings:
spMC.h:44:1: warning: function declaration isn’t a prototype [-Wstrict-prototypes]
spMC.c:303:6: warning: function declaration isn’t a prototype [-Wstrict-prototypes]
See ‘/home/hornik/tmp/R.check/r-devel-gcc/Work/PKGS/spMC.Rcheck/00install.out’ for details.
* used C compiler: ‘gcc-12 (Debian 12.2.0-14) 12.2.0’
Flavor: r-devel-linux-x86_64-debian-gcc
Version: 0.3.12
Check: whether package can be installed
Result: WARN
Found the following significant warnings:
./spMC.h:44:11: warning: a function declaration without a prototype is deprecated in all versions of C [-Wstrict-prototypes]
spMC.c:303:11: warning: a function declaration without a prototype is deprecated in all versions of C [-Wstrict-prototypes]
See ‘/data/gannet/ripley/R/packages/tests-clang/spMC.Rcheck/00install.out’ for details.
* used C compiler: ‘clang version 15.0.7’
Flavor: r-devel-linux-x86_64-fedora-clang
Version: 0.3.12
Check: whether package can be installed
Result: WARN
Found the following significant warnings:
spMC.h:44:1: warning: function declaration isn’t a prototype [-Wstrict-prototypes]
spMC.c:303:6: warning: function declaration isn’t a prototype [-Wstrict-prototypes]
See ‘/data/gannet/ripley/R/packages/tests-devel/spMC.Rcheck/00install.out’ for details.
* used C compiler: ‘gcc (GCC) 12.2.1 20221121 (Red Hat 12.2.1-4)’
Flavor: r-devel-linux-x86_64-fedora-gcc