CRAN Package Check Results for Package spNNGP

Last updated on 2021-12-06 20:50:27 CET.

Flavor Version Tinstall Tcheck Ttotal Status Flags
r-devel-linux-x86_64-debian-clang 0.1.6 17.16 50.40 67.56 OK
r-devel-linux-x86_64-debian-gcc 0.1.6 11.26 38.99 50.25 OK
r-devel-linux-x86_64-fedora-clang 0.1.6 93.68 OK
r-devel-linux-x86_64-fedora-gcc 0.1.6 71.49 OK
r-devel-windows-x86_64-new-UL 0.1.6 34.00 111.00 145.00 OK
r-devel-windows-x86_64-new-TK 0.1.6 OK
r-devel-windows-x86_64-old 0.1.6 25.00 56.00 81.00 OK
r-patched-linux-x86_64 0.1.6 14.75 40.92 55.67 OK
r-release-linux-x86_64 0.1.6 13.86 48.83 62.69 OK
r-release-macos-arm64 0.1.6 OK
r-release-macos-x86_64 0.1.6 OK
r-release-windows-ix86+x86_64 0.1.6 42.00 84.00 126.00 NOTE
r-oldrel-macos-x86_64 0.1.6 OK
r-oldrel-windows-ix86+x86_64 0.1.6 44.00 88.00 132.00 NOTE

Check Details

Version: 0.1.6
Check: installed package size
Result: NOTE
     installed size is 5.4Mb
     sub-directories of 1Mb or more:
     data 3.0Mb
     libs 2.1Mb
Flavors: r-release-windows-ix86+x86_64, r-oldrel-windows-ix86+x86_64