CRAN Package Check Results for Package spNNGP

Last updated on 2019-03-23 19:50:57 CET.

Flavor Version Tinstall Tcheck Ttotal Status Flags
r-devel-linux-x86_64-debian-clang 0.1.1 7.85 33.69 41.54 OK
r-devel-linux-x86_64-debian-gcc 0.1.1 5.56 27.37 32.93 OK
r-devel-linux-x86_64-fedora-clang 0.1.1 57.41 OK
r-devel-linux-x86_64-fedora-gcc 0.1.1 57.13 OK
r-devel-windows-ix86+x86_64 0.1.1 27.00 64.00 91.00 OK
r-patched-linux-x86_64 0.1.1 6.75 32.14 38.89 OK
r-patched-solaris-x86 0.1.1 80.00 OK
r-release-linux-x86_64 0.1.1 0.38 1.92 2.30 ERROR
r-release-windows-ix86+x86_64 0.1.1 18.00 61.00 79.00 OK
r-release-osx-x86_64 0.1.1 OK
r-oldrel-windows-ix86+x86_64 0.1.1 37.00 77.00 114.00 OK
r-oldrel-osx-x86_64 0.1.1 OK

Check Details

Version: 0.1.1
Check: whether package can be installed
Result: ERROR
    Installation failed.
Flavor: r-release-linux-x86_64