Last updated on 2023-10-01 10:58:00 CEST.
Flavor | Version | Tinstall | Tcheck | Ttotal | Status | Flags |
---|---|---|---|---|---|---|
r-devel-linux-x86_64-debian-clang | 0.7.1 | 156.97 | 402.93 | 559.90 | OK | |
r-devel-linux-x86_64-debian-gcc | 0.7.1 | 124.52 | 291.82 | 416.34 | OK | |
r-devel-linux-x86_64-fedora-clang | 0.7.1 | 719.78 | OK | |||
r-devel-linux-x86_64-fedora-gcc | 0.7.1 | 688.52 | OK | |||
r-devel-windows-x86_64 | 0.7.1 | 120.00 | 317.00 | 437.00 | OK | |
r-patched-linux-x86_64 | 0.7.1 | 142.60 | 389.97 | 532.57 | OK | |
r-release-linux-x86_64 | 0.7.1 | 140.03 | 377.87 | 517.90 | OK | |
r-release-macos-arm64 | 0.7.1 | 138.00 | NOTE | |||
r-release-macos-x86_64 | 0.7.1 | 286.00 | NOTE | |||
r-release-windows-x86_64 | 0.7.1 | 158.00 | 398.00 | 556.00 | OK | |
r-oldrel-macos-arm64 | 0.7.1 | 150.00 | NOTE | |||
r-oldrel-macos-x86_64 | 0.7.1 | 189.00 | NOTE | |||
r-oldrel-windows-x86_64 | 0.7.1 | 147.00 | 384.00 | 531.00 | OK |
Version: 0.7.1
Check: installed package size
Result: NOTE
installed size is 6.1Mb
sub-directories of 1Mb or more:
R 2.0Mb
libs 2.9Mb
Flavors: r-release-macos-arm64, r-release-macos-x86_64, r-oldrel-macos-arm64, r-oldrel-macos-x86_64