CRAN Package Check Results for Package spOccupancy

Last updated on 2022-05-16 19:50:16 CEST.

Flavor Version Tinstall Tcheck Ttotal Status Flags
r-devel-linux-x86_64-debian-clang 0.3.1 0.80 11.33 12.13 ERROR
r-devel-linux-x86_64-debian-gcc 0.3.1 0.56 9.04 9.60 ERROR
r-devel-linux-x86_64-fedora-clang 0.3.1 12.86 ERROR
r-devel-linux-x86_64-fedora-gcc 0.3.1 12.57 ERROR
r-devel-windows-x86_64 0.3.1 122.00 253.00 375.00 OK
r-patched-linux-x86_64 0.3.1 62.68 221.28 283.96 OK
r-release-linux-x86_64 0.3.1 67.95 225.51 293.46 OK
r-release-macos-arm64 0.3.1 96.00 OK
r-release-macos-x86_64 0.3.1 130.00 OK
r-release-windows-x86_64 0.3.1 135.00 258.00 393.00 OK
r-oldrel-macos-arm64 0.3.1 77.00 OK
r-oldrel-macos-x86_64 0.3.1 118.00 OK
r-oldrel-windows-ix86+x86_64 0.3.1 141.00 354.00 495.00 OK

Check Details

Version: 0.3.1
Check: package dependencies
Result: ERROR
    Package required but not available: 'spBayes'
    
    See section 'The DESCRIPTION file' in the 'Writing R Extensions'
    manual.
Flavors: r-devel-linux-x86_64-debian-clang, r-devel-linux-x86_64-debian-gcc, r-devel-linux-x86_64-fedora-clang, r-devel-linux-x86_64-fedora-gcc