CRAN Package Check Results for Package spRingsteen

Last updated on 2022-09-27 16:54:53 CEST.

Flavor Version Tinstall Tcheck Ttotal Status Flags
r-devel-linux-x86_64-debian-clang 0.1.0 3.26 37.26 40.52 OK
r-devel-linux-x86_64-debian-gcc 0.1.0 3.08 29.03 32.11 OK
r-devel-linux-x86_64-fedora-clang 0.1.0 62.95 NOTE
r-devel-linux-x86_64-fedora-gcc 0.1.0 62.25 NOTE
r-devel-windows-x86_64 0.1.0 8.00 64.00 72.00 OK
r-patched-linux-x86_64 0.1.0 3.45 35.87 39.32 OK
r-release-linux-x86_64 0.1.0 3.35 34.62 37.97 OK
r-release-macos-arm64 0.1.0 21.00 NOTE
r-release-macos-x86_64 0.1.0 27.00 NOTE
r-release-windows-x86_64 0.1.0 19.00 69.00 88.00 OK
r-oldrel-macos-arm64 0.1.0 25.00 NOTE
r-oldrel-macos-x86_64 0.1.0 30.00 NOTE
r-oldrel-windows-ix86+x86_64 0.1.0 10.00 63.00 73.00 OK

Check Details

Version: 0.1.0
Check: data for non-ASCII characters
Result: NOTE
     Note: found 199 marked UTF-8 strings
Flavors: r-devel-linux-x86_64-fedora-clang, r-devel-linux-x86_64-fedora-gcc, r-release-macos-arm64, r-release-macos-x86_64, r-oldrel-macos-arm64, r-oldrel-macos-x86_64