CRAN Package Check Results for Package spTDyn

Last updated on 2019-09-20 09:51:34 CEST.

Flavor Version Tinstall Tcheck Ttotal Status Flags
r-devel-linux-x86_64-debian-clang 2.0 15.80 59.69 75.49 OK
r-devel-linux-x86_64-debian-gcc 2.0 13.77 47.53 61.30 OK
r-devel-linux-x86_64-fedora-clang 2.0 93.80 OK
r-devel-linux-x86_64-fedora-gcc 2.0 91.79 OK
r-devel-windows-ix86+x86_64 2.0 47.00 95.00 142.00 OK
r-patched-linux-x86_64 2.0 14.88 59.72 74.60 NOTE
r-patched-solaris-x86 2.0 159.20 OK
r-release-linux-x86_64 2.0 13.10 59.77 72.87 NOTE
r-release-windows-ix86+x86_64 2.0 35.00 131.00 166.00 OK
r-release-osx-x86_64 2.0 OK
r-oldrel-windows-ix86+x86_64 2.0 31.00 118.00 149.00 OK
r-oldrel-osx-x86_64 2.0 OK

Check Details

Version: 2.0
Check: DESCRIPTION meta-information
Result: NOTE
    Dependence on R version ‘3.4.1’ not with patchlevel 0
Flavors: r-patched-linux-x86_64, r-release-linux-x86_64