CRAN Package Check Results for Package spTDyn

Last updated on 2019-06-20 11:52:06 CEST.

Flavor Version Tinstall Tcheck Ttotal Status Flags
r-devel-linux-x86_64-debian-clang 2.0 15.00 59.64 74.64 OK
r-devel-linux-x86_64-debian-gcc 2.0 12.84 48.25 61.09 OK
r-devel-linux-x86_64-fedora-clang 2.0 91.21 OK
r-devel-linux-x86_64-fedora-gcc 2.0 88.39 OK
r-devel-windows-ix86+x86_64 2.0 45.00 121.00 166.00 OK
r-patched-linux-x86_64 2.0 14.85 61.33 76.18 NOTE
r-patched-solaris-x86 2.0 132.60 OK
r-release-linux-x86_64 2.0 15.50 60.90 76.40 NOTE
r-release-windows-ix86+x86_64 2.0 48.00 118.00 166.00 OK
r-release-osx-x86_64 2.0 OK
r-oldrel-windows-ix86+x86_64 2.0 28.00 119.00 147.00 OK
r-oldrel-osx-x86_64 2.0 OK

Check Details

Version: 2.0
Check: DESCRIPTION meta-information
Result: NOTE
    Dependence on R version ‘3.4.1’ not with patchlevel 0
Flavors: r-patched-linux-x86_64, r-release-linux-x86_64