CRAN Package Check Results for Package spTest

Last updated on 2019-07-17 18:48:13 CEST.

Flavor Version Tinstall Tcheck Ttotal Status Flags
r-devel-linux-x86_64-debian-clang 0.2.5 7.62 154.94 162.56 OK
r-devel-linux-x86_64-debian-gcc 0.2.5 5.12 113.26 118.38 OK
r-devel-linux-x86_64-fedora-clang 0.2.5 204.85 OK
r-devel-linux-x86_64-fedora-gcc 0.2.5 191.96 OK
r-devel-windows-ix86+x86_64 0.2.5 16.00 185.00 201.00 OK
r-patched-linux-x86_64 0.2.5 7.95 145.82 153.77 OK
r-patched-solaris-x86 0.2.5 384.70 OK
r-release-linux-x86_64 0.2.5 6.30 145.60 151.90 OK
r-release-windows-ix86+x86_64 0.2.5 11.00 256.00 267.00 OK
r-release-osx-x86_64 0.2.5 FAIL
r-oldrel-windows-ix86+x86_64 0.2.5 8.00 230.00 238.00 OK
r-oldrel-osx-x86_64 0.2.5 OK

Check Details

Version: 0.2.5
Check: whether package can be installed
Result: FAIL
    
Flavor: r-release-osx-x86_64