CRAN Package Check Results for Package spTest

Last updated on 2019-10-18 18:48:06 CEST.

Flavor Version Tinstall Tcheck Ttotal Status Flags
r-devel-linux-x86_64-debian-clang 0.2.5 8.18 89.90 98.08 WARN
r-devel-linux-x86_64-debian-gcc 0.2.5 6.19 68.33 74.52 WARN
r-devel-linux-x86_64-fedora-clang 0.2.5 125.19 WARN
r-devel-linux-x86_64-fedora-gcc 0.2.5 116.43 WARN
r-devel-windows-ix86+x86_64 0.2.5 19.00 133.00 152.00 WARN
r-patched-linux-x86_64 0.2.5 7.73 142.79 150.52 OK
r-patched-solaris-x86 0.2.5 316.80 OK
r-release-linux-x86_64 0.2.5 7.68 147.45 155.13 OK
r-release-windows-ix86+x86_64 0.2.5 9.00 196.00 205.00 OK
r-release-osx-x86_64 0.2.5 FAIL
r-oldrel-windows-ix86+x86_64 0.2.5 7.00 175.00 182.00 OK
r-oldrel-osx-x86_64 0.2.5 OK

Check Details

Version: 0.2.5
Check: re-building of vignette outputs
Result: WARN
    Error(s) in re-building vignettes:
     ...
    --- re-building 'spTest-vig.rnw' using Sweave
    Loading required package: spam
    Loading required package: dotCall64
    Loading required package: grid
    Spam version 2.3-0 (2019-09-13) is loaded.
    Type 'help( Spam)' or 'demo( spam)' for a short introduction
    and overview of this package.
    Help for individual functions is also obtained by adding the
    suffix '.spam' to the function name, e.g. 'help( chol.spam)'.
    
    Attaching package: 'spam'
    
    The following objects are masked from 'package:base':
    
     backsolve, forwardsolve
    
    Loading required package: maps
    See https://github.com/NCAR/Fields for
     an extensive vignette, other supplements and source code
    --------------------------------------------------------------
     Analysis of Geostatistical Data
     For an Introduction to geoR go to http://www.leg.ufpr.br/geoR
     geoR version 1.7-5.2.1 (built on 2016-05-02) is now loaded
    --------------------------------------------------------------
    
    
    Attaching package: 'geoR'
    
    The following object is masked _by_ '.GlobalEnv':
    
     coords.aniso
    
    Loading required package: sp
    rgdal: version: 1.4-6, (SVN revision 841)
     Geospatial Data Abstraction Library extensions to R successfully loaded
     Loaded GDAL runtime: GDAL 2.4.2, released 2019/06/28
     Path to GDAL shared files: /usr/share/gdal
     GDAL binary built with GEOS: TRUE
     Loaded PROJ.4 runtime: Rel. 6.2.0, September 1st, 2019, [PJ_VERSION: 620]
     Path to PROJ.4 shared files: (autodetected)
     Linking to sp version: 1.3-1
    
    Error: processing vignette 'spTest-vig.rnw' failed with diagnostics:
     chunk 21 (label = nongrid)
    Error in GuanTestUnif(spdata = precip.resid, lagmat = mylags, A = myA, :
     grid.spacing[2] must evenly divide height of sampling region
    
    --- failed re-building 'spTest-vig.rnw'
    
    SUMMARY: processing the following file failed:
     'spTest-vig.rnw'
    
    Error: Vignette re-building failed.
    Execution halted
Flavors: r-devel-linux-x86_64-debian-clang, r-devel-linux-x86_64-debian-gcc

Version: 0.2.5
Check: re-building of vignette outputs
Result: WARN
    Error(s) in re-building vignettes:
    --- re-building ‘spTest-vig.rnw’ using Sweave
    Loading required package: spam
    Loading required package: dotCall64
    Loading required package: grid
    Spam version 2.3-0 (2019-09-13) is loaded.
    Type 'help( Spam)' or 'demo( spam)' for a short introduction
    and overview of this package.
    Help for individual functions is also obtained by adding the
    suffix '.spam' to the function name, e.g. 'help( chol.spam)'.
    
    Attaching package: ‘spam’
    
    The following objects are masked from ‘package:base’:
    
     backsolve, forwardsolve
    
    Loading required package: maps
    See https://github.com/NCAR/Fields for
     an extensive vignette, other supplements and source code
    --------------------------------------------------------------
     Analysis of Geostatistical Data
     For an Introduction to geoR go to http://www.leg.ufpr.br/geoR
     geoR version 1.7-5.2.1 (built on 2016-05-02) is now loaded
    --------------------------------------------------------------
    
    
    Attaching package: ‘geoR’
    
    The following object is masked _by_ ‘.GlobalEnv’:
    
     coords.aniso
    
    Loading required package: sp
    rgdal: version: 1.4-6, (SVN revision 841)
     Geospatial Data Abstraction Library extensions to R successfully loaded
     Loaded GDAL runtime: GDAL 2.3.2, released 2018/09/21
     Path to GDAL shared files: /usr/share/gdal
     GDAL binary built with GEOS: TRUE
     Loaded PROJ.4 runtime: Rel. 5.2.0, September 15th, 2018, [PJ_VERSION: 520]
     Path to PROJ.4 shared files: (autodetected)
     Linking to sp version: 1.3-1
    
    Error: processing vignette 'spTest-vig.rnw' failed with diagnostics:
     chunk 21 (label = nongrid)
    Error in GuanTestUnif(spdata = precip.resid, lagmat = mylags, A = myA, :
     grid.spacing[2] must evenly divide height of sampling region
    
    --- failed re-building ‘spTest-vig.rnw’
    
    SUMMARY: processing the following file failed:
     ‘spTest-vig.rnw’
    
    Error: Vignette re-building failed.
    Execution halted
Flavors: r-devel-linux-x86_64-fedora-clang, r-devel-linux-x86_64-fedora-gcc

Version: 0.2.5
Check: re-building of vignette outputs
Result: WARN
    Error(s) in re-building vignettes:
    --- re-building 'spTest-vig.rnw' using Sweave
    Loading required package: spam
    Loading required package: dotCall64
    Loading required package: grid
    Spam version 2.3-0 (2019-09-13) is loaded.
    Type 'help( Spam)' or 'demo( spam)' for a short introduction
    and overview of this package.
    Help for individual functions is also obtained by adding the
    suffix '.spam' to the function name, e.g. 'help( chol.spam)'.
    
    Attaching package: 'spam'
    
    The following objects are masked from 'package:base':
    
     backsolve, forwardsolve
    
    Loading required package: maps
    See https://github.com/NCAR/Fields for
     an extensive vignette, other supplements and source code
    --------------------------------------------------------------
     Analysis of Geostatistical Data
     For an Introduction to geoR go to http://www.leg.ufpr.br/geoR
     geoR version 1.7-5.2.1 (built on 2016-05-02) is now loaded
    --------------------------------------------------------------
    
    
    Attaching package: 'geoR'
    
    The following object is masked _by_ '.GlobalEnv':
    
     coords.aniso
    
    Loading required package: sp
    rgdal: version: 1.4-6, (SVN revision 841)
     Geospatial Data Abstraction Library extensions to R successfully loaded
     Loaded GDAL runtime: GDAL 2.2.3, released 2017/11/20
     Path to GDAL shared files: D:/temp/Rtmp4WOecS/RLIBS_9638574e4be2/rgdal/gdal
     GDAL binary built with GEOS: TRUE
     Loaded PROJ.4 runtime: Rel. 4.9.3, 15 August 2016, [PJ_VERSION: 493]
     Path to PROJ.4 shared files: D:/temp/Rtmp4WOecS/RLIBS_9638574e4be2/rgdal/proj
     Linking to sp version: 1.3-1
    
    Error: processing vignette 'spTest-vig.rnw' failed with diagnostics:
     chunk 21 (label = nongrid)
    Error in GuanTestUnif(spdata = precip.resid, lagmat = mylags, A = myA, :
     grid.spacing[2] must evenly divide height of sampling region
    
    --- failed re-building 'spTest-vig.rnw'
    
    SUMMARY: processing the following file failed:
     'spTest-vig.rnw'
    
    Error: Vignette re-building failed.
    Execution halted
Flavor: r-devel-windows-ix86+x86_64

Version: 0.2.5
Check: whether package can be installed
Result: FAIL
    
Flavor: r-release-osx-x86_64