CRAN Package Check Results for Package spacejamr

Last updated on 2021-10-22 04:55:04 CEST.

Flavor Version Tinstall Tcheck Ttotal Status Flags
r-devel-linux-x86_64-debian-clang 0.1.1 3.68 71.25 74.93 OK
r-devel-linux-x86_64-debian-gcc 0.1.1 2.59 52.72 55.31 OK
r-devel-linux-x86_64-fedora-clang 0.1.1 97.79 OK
r-devel-linux-x86_64-fedora-gcc 0.1.1 87.39 OK
r-devel-windows-x86_64 0.1.1 6.00 78.00 84.00 OK
r-devel-windows-x86_64-gcc10-UCRT 0.1.1 ERROR
r-patched-linux-x86_64 0.1.1 3.33 66.05 69.38 OK
r-patched-solaris-x86 0.1.1 100.10 OK
r-release-linux-x86_64 0.1.1 3.31 66.79 70.10 OK
r-release-macos-arm64 0.1.1 OK
r-release-macos-x86_64 0.1.1 OK
r-release-windows-ix86+x86_64 0.1.1 11.00 72.00 83.00 OK
r-oldrel-macos-x86_64 0.1.1 OK
r-oldrel-windows-ix86+x86_64 0.1.1 9.00 79.00 88.00 OK

Check Details

Version: 0.1.1
Check: package dependencies
Result: ERROR
    Packages required but not available: 'ggraph', 'igraph'
    
    See section 'The DESCRIPTION file' in the 'Writing R Extensions'
    manual.
Flavor: r-devel-windows-x86_64-gcc10-UCRT