CRAN Package Check Results for Package spacesXYZ

Last updated on 2019-03-23 19:50:56 CET.

Flavor Version Tinstall Tcheck Ttotal Status Flags
r-devel-linux-x86_64-debian-clang 1.0-4 3.02 37.34 40.36 OK
r-devel-linux-x86_64-debian-gcc 1.0-4 3.13 29.48 32.61 OK
r-devel-linux-x86_64-fedora-clang 1.0-4 50.45 OK
r-devel-linux-x86_64-fedora-gcc 1.0-4 52.35 OK
r-devel-windows-ix86+x86_64 1.0-4 8.00 69.00 77.00 OK
r-patched-linux-x86_64 1.0-4 2.52 35.47 37.99 OK
r-patched-solaris-x86 1.0-4 80.90 OK
r-release-linux-x86_64 1.0-4 0.38 2.35 2.73 ERROR
r-release-windows-ix86+x86_64 1.0-4 5.00 56.00 61.00 OK
r-release-osx-x86_64 1.0-4 OK
r-oldrel-windows-ix86+x86_64 1.0-4 4.00 81.00 85.00 OK
r-oldrel-osx-x86_64 1.0-4 OK

Check Details

Version: 1.0-4
Check: whether package can be installed
Result: ERROR
    Installation failed.
Flavor: r-release-linux-x86_64