CRAN Package Check Results for Package spacesXYZ

Last updated on 2020-07-04 14:48:41 CEST.

Flavor Version Tinstall Tcheck Ttotal Status Flags
r-devel-linux-x86_64-debian-clang 1.1-1 4.64 42.31 46.95 OK
r-devel-linux-x86_64-debian-gcc 1.1-1 2.96 33.17 36.13 OK
r-devel-linux-x86_64-fedora-clang 1.1-1 64.76 NOTE
r-devel-linux-x86_64-fedora-gcc 1.1-1 57.79 OK
r-devel-windows-ix86+x86_64 1.1-1 15.00 60.00 75.00 OK
r-patched-linux-x86_64 1.1-1 4.52 42.05 46.57 OK
r-patched-solaris-x86 1.1-1 94.90 OK
r-release-linux-x86_64 1.1-1 3.71 42.74 46.45 OK
r-release-osx-x86_64 1.1-1 OK
r-release-windows-ix86+x86_64 1.1-1 9.00 57.00 66.00 OK
r-oldrel-osx-x86_64 1.1-1 OK
r-oldrel-windows-ix86+x86_64 1.1-1 6.00 82.00 88.00 OK

Check Details

Version: 1.1-1
Check: Rd cross-references
Result: NOTE
    Undeclared package ‘colorSpec’ in Rd xrefs
Flavor: r-devel-linux-x86_64-fedora-clang