CRAN Package Check Results for Package spacetime

Last updated on 2021-06-24 23:50:07 CEST.

Flavor Version Tinstall Tcheck Ttotal Status Flags
r-devel-linux-x86_64-debian-clang 1.2-5 14.91 179.59 194.50 OK
r-devel-linux-x86_64-debian-gcc 1.2-5 10.94 136.45 147.39 OK
r-devel-linux-x86_64-fedora-clang 1.2-5 243.41 OK
r-devel-linux-x86_64-fedora-gcc 1.2-5 263.17 OK
r-devel-windows-x86_64 1.2-5 22.00 179.00 201.00 OK
r-devel-windows-x86_64-gcc10-UCRT 1.2-5 OK
r-patched-linux-x86_64 1.2-5 16.26 173.49 189.75 OK
r-patched-solaris-x86 1.2-5 303.20 WARN
r-release-linux-x86_64 1.2-5 13.47 170.10 183.57 OK
r-release-macos-arm64 1.2-5 ERROR
r-release-macos-x86_64 1.2-5 OK
r-release-windows-ix86+x86_64 1.2-5 25.00 183.00 208.00 OK
r-oldrel-macos-x86_64 1.2-5 OK
r-oldrel-windows-ix86+x86_64 1.2-5 27.00 191.00 218.00 OK

Check Details

Version: 1.2-5
Check: re-building of vignette outputs
Result: WARN
    Error(s) in re-building vignettes:
     ...
    --- re-building ‘stgvis.Rmd’ using knitr
    Creating a generic function for 'toJSON' from package 'jsonlite' in package 'googleVis'
    
    Welcome to googleVis version 0.6.10
    
    Please read Google's Terms of Use
    before you start using the package:
    https://developers.google.com/terms/
    
    Note, the plot method of googleVis will by default use
    the standard browser to display its output.
    
    See the googleVis package vignettes for more details,
    or visit https://github.com/mages/googleVis.
    
    To suppress this message use:
    suppressPackageStartupMessages(library(googleVis))
    
    --- finished re-building ‘stgvis.Rmd’
    
    --- re-building ‘jss816.Rnw’ using Sweave
    Loading required package: zoo
    
    Attaching package: 'zoo'
    
    The following objects are masked from 'package:base':
    
     as.Date, as.Date.numeric
    
    Checking rgeos availability: TRUE
    rgdal: version: 1.5-23, (SVN revision 1121)
    Geospatial Data Abstraction Library extensions to R successfully loaded
    Loaded GDAL runtime: GDAL 2.2.4, released 2018/03/19
    Path to GDAL shared files: /usr/local/share/gdal
    GDAL binary built with GEOS: TRUE
    Loaded PROJ runtime: Rel. 5.2.0, September 15th, 2018, [PJ_VERSION: 520]
    Path to PROJ shared files: (autodetected)
    Linking to sp version:1.4-5
    Warning in krigeST(values ~ 1, wind.data, pred.grd, v) :
     The spatio-temporal variogram model does not carry the strongly recommended attribute 'temporal unit'.
     The unit 'secs' has been assumed. krigeST could not check whether the temporal distances between locations and in the variogram coincide.
    Loading required package: ade4
    Loading required package: adehabitatMA
    Loading required package: CircStats
    Loading required package: MASS
    Loading required package: boot
    
    Attaching package: 'boot'
    
    The following object is masked from 'package:lattice':
    
     melanoma
    
    
    Attaching package: 'adehabitatLT'
    
    The following object is masked from 'package:zoo':
    
     is.regular
    
    Linking to GEOS 3.6.4, GDAL 2.2.4, PROJ 5.2.0
    
    Error: processing vignette 'jss816.Rnw' failed with diagnostics:
     chunk 55
    Error : Cannot open "{"type":"Topology","arcs":[[[-75.483063902661,35.34582711673738],[-75.48889090266636,35.32527311671822],[-75.51583590269155,35.24638211664478],[-75.5215269026967,35.24096361663984],[-75.52152690269673,35.240963616639775],[-75.52152690269679,35.24096361663976],[-75.52721790270203,35.23554511663474],[-75.60999990277918,35.222209116622366],[-75.65360890281977,35.22554511662531],[-75.53402690270843,35.26957311666649],[-75.52194590269721,35.27804511667432],[-75.51958640269498,35.283881616679764],[-75.51722690269276,35.28971811668521],[-75.51250890268841,35.30777311670204],[-75.49194590266922,35.4180541168048],[-75.46500890264417,35.579991116955625],[-75.46471790264383,35.59110011696583],[-75.47416390265266,35.63471811700646],[-75.48277290266066,35.669718117039054],[-75.50418190268067,35.72748211709279],[-75.51083590268684,35.74027311710489],[-75.52666390270156,35.76839111713099],[-75.52073190269606,35.77217761713446],[-75.52073190269607,35.77217761713449],[-75.52073190269604,35.772177617134474],[-75.51479990269053,35.77596411713796],[-75.49499990267213,35.75305411711662],[-75.48277290266066,35.730818117095964],[-75.47985940265804,35.722763617088624],[-75.47985940265798,35.7227636170885],[-75.47985940265794,35.72276361708837],[-75.4769459026553,35.714709117080986],[-75.4516729026318,35.61804511699097],[-75.44972290263156,35.61054961699031],[-75.44972290262987,35.61054961698399],[-75.4497229026299,35.610549616983874],[-75.44777290262806,35.603054116977034],[-75.4474909026278,35.582500116957874],[-75.483063902661,35.34582711673738]],[[-74.14500890141483,40.5388911215739],[-74.22760440149173,40.51319112154995],[-74.23249990149628,40.5388911215739],[-74.17861340144609,40.63846812166665],[-74.07208390134687,40.646452371674],[-74.05547740133142,40.61096812164095],[-74.11596340138772,40.554718121588635],[-74.14500890141483,40.5388911215739]],[[-72.38833589977884,41.0849911220825],[-72.61710889999182,40.91759112192659],[-72.58472689996171,40.90610012191587],[-72.49124589987468,40.90457312191438],[-72.4362458998234,40.92235412193111],[-72.40194589979143,40.96471812197046],[-72.34583589973926,40.99971812200306],[-72.2636268996626,41.01943612202143],[-72.13500889954287,41.03527312203613],[-72.10992689951956,41.0054821220084],[-72.0533268994667,41.01610912201829],[-72.02132689943699,41.03332712203428],[-72.0006908994178,41.0509641220508],[-71.9199998993426,41.082073122079805],[-71.86679989929308,41.07478212207303],[-72.08416389949554,40.981654121986196],[-72.35278189974571,40.887218121898286],[-72.44665489983305,40.85555412186886],[-72.54277289992251,40.82555412184087],[-72.66583590003728,40.79444512181186],[-72.69860890006777,40.78971812180748],[-72.81945490018023,40.769991121789076],[-72.86776390022521,40.75610012177623],[-72.89055490024657,40.77374512179256],[-73.01090890035863,40.75290912177314],[-73.09527290043718,40.730545121752414],[-73.14029090047916,40.7188821217415],[-73.43859990075697,40.66582712169202],[-73.56110890087092,40.645273121672915],[-73.6527909009564,40.619991121649434],[-73.5872999008954,40.6036001216342],[-73.61805490092405,40.59443612162562],[-73.65360890095712,40.593882121625086],[-73.79722690109094,40.59221812162343],[-73.77728190107234,40.614891121644746],[-73.77110890106661,40.635436121663645],[-73.81277290110535,40.65665412168357],[-73.83639090112729,40.65943612168621],[-73.85971790114911,40.65680012168377],[-73.89973590118638,40.63582712166402],[-73.88124590116917,40.60943612163959],[-73.94331790122698,40.58527312161709],[-74.00444590128393,40.58041812161258],[-74.03249990131008,40.62582712165482],[-74.03104590130869,40.64894512167632],[-74.00500890128433,40.67999112170526],[-74.0037544012832,40.68721362171203],[-73.93999090122384,40.773045121791995],[-73.91694590120244,40.79235412180992],[-73.83555490112667,40.80499112182167],[-73.73167290102981,40.851664121865156],[-73.61762690092371,40.909018121918564],[-73.58944590089737,40.92054512192942],[-73.49055490080536,40.934154121942015],[-73.35417290067835,40.925827121934276],[-73.2266729005596,40.910545121919995],[-73.19888190053365,40.9174911219265],[-73.15041790048855,40.943045121950206],[-73.0372179003831,40.96860012197408],[-72.89361790024935,40.96998212197542],[-72.78139090014486,40.96554512197122],[-72.75833590012331,40.963745121969566],[-72.63764590001097,40.981654121986196],[-72.6136088999886,40.990127121994135],[-72.577499899955,41.01554512201784],[-72.52794589990879,41.04521812204541],[-72.45306389983904,41.08888212208609],[-72.35082689974382,41.14082712213451],[-72.28528189968279,41.16193612215409],[-72.24166389964216,41.1570731221496],[-72.25764589965712,41.12915412212362],[-72.28548189968302,41.11943612211445],[-72.38833589977884,41.0849911220825]],[[-71.22749089869768,41.53943612250572],[-71.23277289870254,41.49470912246409],[-71.29749989876285,41.45860012243031],[-71.35561789881706,41.457627122429585],[-71.3097178987743,41.56110012252594],[-71.26319089873084,41.63048212259048],[-71.22078480489748,41.64334661812508],[-71.22055489869126,41.63332712259313],[-71.22749089869768,41.53943612250572]],[[-68.29861789596998,44.449154125215614],[-68.2591728959332,44.45208212521828],[-68.24346839591857,44.44270012520957],[-68.24138189591656,44.438882125205964],[-68.2075226269527,44.40579712272673],[-68.18901839586783,44.38680012515752],[-68.17165889585169,44.35704112512984],[-68.18763189586662,44.329023125103646],[-68.32965939599879,44.23742262501841],[-68.41048639607405,44.27665912505498],[-68.42749989609001,44.32165412509681],[-68.40610889607007,44.36943612514125],[-68.36527289603197,44.42860012519651],[-68.35028189601809,44.44026412520731],[-68.29861789596998,44.449154125215614]],[[-68.61513589626475,44.188191124972604],[-68.65624989630302,44.16867712495443],[-68.71056389635362,44.177773124962755],[-68.72097289636326,44.231654125012994],[-68.66541789631151,44.28409112506186],[-68.62262939627166,44.270547625049275],[-68.60429989625459,44.251245125031346],[-68.60471789625507,44.22499112500685],[-68.61513589626475,44.188191124972604]],[[-70.01362689756712,41.24777312223398],[-70.03472689758678,41.24693612223331],[-70.10069089764818,41.248186122234486],[-70.14083589768569,41.2566641222424],[-70.23222689777072,41.28166412226557],[-70.19777289773862,41.294154122277234],[-70.17749089771979,41.295827122278695],[-70.10959089765646,41.296245122279174],[-70.03528189758731,41.3591641223378],[-70.01945489757259,41.383882122360774],[-69.99499989754986,41.32804512230888],[-69.96121839751825,41.27409112225858],[-69.986663897542,41.252773122238665],[-70.01362689756712,41.24777312223398]],[[-70.51028189802969,41.40804512238327],[-70.51416839803329,41.354091122333],[-70.54804589806486,41.35388212233295],[-70.57972689809435,41.35638212233516],[-70.60110889811432,41.35694512233573],[-70.62999089814122,41.35582712233469],[-70.67639089818437,41.35166412233082],[-70.69665489820324,41.348873122328314],[-70.72805489823259,41.34193612232173],[-70.74249089824593,41.33568212231603],[-70.74777739825089,41.330618122311265],[-70.75306389825585,41.32555412230653],[-70.75348712125972,41.321301835916465],[-70.75986789826217,41.310890622292916],[-70.78110889828196,41.31610012229771],[-70.80721339830623,41.33374112231404],[-70.83499989833217,41.36117312233972],[-70.6563908981658,41.45888212243074],[-70.6172178981293,41.47387312244473],[-70.55999589807598,41.46707762243828],[-70.54569089806273,41.45332712242552],[-70.51028189802969,41.40804512238327]],[[-122.60013727214151,48.40458087987984],[-122.58833594653123,48.392218128887805],[-122.52028194646783,48.32721812882738],[-122.5058359464544,48.30749112880898],[-122.52069594646818,48.29347262879591],[-122.556936446502,48.28430012878731],[-122.56925199681919,48.29249421683046],[-122.57249994651642,48.29610912879838],[-122.57874994652224,48.29881362880084],[-122.58499994652811,48.30151812880325],[-122.6147179465558,48.300754128802566],[-122.66389094660155,48.244709128750515],[-122.64930894658795,48.22720912873416],[-122.62416394656447,48.21970912872712],[-122.60722694654885,48.211109128719215],[-122.5877724465306,48.196654628705744],[-122.48639094643625,48.10110912861677],[-122.36528194632342,48.03750012855738],[-122.33659544629
    --- failed re-building 'jss816.Rnw'
    
    --- re-building ‘sto.Rnw’ using Sweave
    
    Attaching package: ‘zoo’
    
    The following objects are masked from ‘package:base’:
    
     as.Date, as.Date.numeric
    
    --- finished re-building ‘sto.Rnw’
    
    --- re-building ‘stpg.Rnw’ using Sweave
    Warning: undefined slot classes in definition of "ST_PG": con(class "PostgreSQLConnection")
    --- finished re-building ‘stpg.Rnw’
    
    --- re-building ‘stsubs.Rnw’ using Sweave
    Loading required package: zoo
    
    Attaching package: ‘zoo’
    
    The following objects are masked from ‘package:base’:
    
     as.Date, as.Date.numeric
    
    --- finished re-building ‘stsubs.Rnw’
    
    SUMMARY: processing the following file failed:
     ‘jss816.Rnw’
    
    Error: Vignette re-building failed.
    Execution halted
Flavor: r-patched-solaris-x86

Version: 1.2-5
Check: examples
Result: ERROR
    Running examples in ‘spacetime-Ex.R’ failed
    The error most likely occurred in:
    
    > ### Name: stConstruct
    > ### Title: create ST* objects from long or wide tables
    > ### Aliases: stConstruct
    > ### Keywords: manip
    >
    > ### ** Examples
    >
    > # example 0: construction of STFDF from long table:
    > library(maps)
    > states.m = map('state', plot=FALSE, fill=TRUE)
    > IDs <- sapply(strsplit(states.m$names, ":"), function(x) x[1])
    >
    > library(maptools)
    Loading required package: sp
    Checking rgeos availability: TRUE
    > states = map2SpatialPolygons(states.m, IDs=IDs)
    >
    > library(plm)
    Error: package or namespace load failed for ‘plm’ in loadNamespace(j <- i[[1L]], c(lib.loc, .libPaths()), versionCheck = vI[[j]]):
     there is no package called ‘Rdpack’
    Execution halted
Flavor: r-release-macos-arm64

Version: 1.2-5
Check: running R code from vignettes
Result: ERROR
    Errors in running code in vignettes:
    when running code in ‘jss816.Rnw’
     ...
    [11] "COWEYEAR" "COWEMONTH" "COWEDAY" "GWCODE" "GWSYEAR"
    [16] "GWSMONTH" "GWSDAY" "GWEYEAR" "GWEMONTH" "GWEDAY"
    [21] "ISONAME" "ISO1NUM" "ISO1AL2" "ISO1AL3"
    
    > st = STIDF(geometry(as(cs, "Spatial")), as.POSIXct(cs$start),
    + as.data.frame(cs), as.POSIXct(cs$end))
    
     When sourcing 'jss816.R':
    Error: NROW(x) must match length(order.by)
    Execution halted
    
     ‘stgvis.Rmd’... [0s/0s] OK
     ‘jss816.Rnw’ using ‘UTF-8’... failed
     ‘sto.Rnw’ using ‘UTF-8’... [3s/3s] OK
     ‘stpg.Rnw’ using ‘UTF-8’... [1s/1s] OK
     ‘stsubs.Rnw’ using ‘UTF-8’... [1s/1s] OK
Flavor: r-release-macos-arm64

Version: 1.2-5
Check: re-building of vignette outputs
Result: NOTE
    Error(s) in re-building vignettes:
    --- re-building ‘stgvis.Rmd’ using knitr
    Creating a generic function for 'toJSON' from package 'jsonlite' in package 'googleVis'
    
    Welcome to googleVis version 0.6.10
    
    Please read Google's Terms of Use
    before you start using the package:
    https://developers.google.com/terms/
    
    Note, the plot method of googleVis will by default use
    the standard browser to display its output.
    
    See the googleVis package vignettes for more details,
    or visit https://github.com/mages/googleVis.
    
    To suppress this message use:
    suppressPackageStartupMessages(library(googleVis))
    
    --- finished re-building ‘stgvis.Rmd’
    
    --- re-building ‘jss816.Rnw’ using Sweave
    Loading required package: zoo
    
    Attaching package: 'zoo'
    
    The following objects are masked from 'package:base':
    
     as.Date, as.Date.numeric
    
    Checking rgeos availability: TRUE
    rgdal: version: 1.5-23, (SVN revision 1121)
    Geospatial Data Abstraction Library extensions to R successfully loaded
    Loaded GDAL runtime: GDAL 3.2.3, released 2021/04/27
    Path to GDAL shared files: /Volumes/Builds/packages/big-sur-arm64/Rlib/4.1/rgdal/gdal
    GDAL binary built with GEOS: TRUE
    Loaded PROJ runtime: Rel. 7.2.1, January 1st, 2021, [PJ_VERSION: 721]
    Path to PROJ shared files: /Volumes/Builds/packages/big-sur-arm64/Rlib/4.1/rgdal/proj
    PROJ CDN enabled: FALSE
    Linking to sp version:1.4-5
    To mute warnings of possible GDAL/OSR exportToProj4() degradation,
    use options("rgdal_show_exportToProj4_warnings"="none") before loading rgdal.
    Overwritten PROJ_LIB was /Volumes/Builds/packages/big-sur-arm64/Rlib/4.1/rgdal/proj
    Warning in proj4string(m) :
     CRS object has comment, which is lost in output
    Warning in krigeST(values ~ 1, wind.data, pred.grd, v) :
     The spatio-temporal variogram model does not carry the strongly recommended attribute 'temporal unit'.
     The unit 'secs' has been assumed. krigeST could not check whether the temporal distances between locations and in the variogram coincide.
    
    Error: processing vignette 'jss816.Rnw' failed with diagnostics:
     chunk 52
    Error : package 'ade4' required by 'adehabitatLT' could not be found
    
    --- failed re-building 'jss816.Rnw'
    
    --- re-building ‘sto.Rnw’ using Sweave
    
    Attaching package: ‘zoo’
    
    The following objects are masked from ‘package:base’:
    
     as.Date, as.Date.numeric
    
    --- finished re-building ‘sto.Rnw’
    
    --- re-building ‘stpg.Rnw’ using Sweave
    Warning: undefined slot classes in definition of "ST_PG": con(class "PostgreSQLConnection")
    --- finished re-building ‘stpg.Rnw’
    
    --- re-building ‘stsubs.Rnw’ using Sweave
    Loading required package: zoo
    
    Attaching package: ‘zoo’
    
    The following objects are masked from ‘package:base’:
    
     as.Date, as.Date.numeric
    
    --- finished re-building ‘stsubs.Rnw’
    
    SUMMARY: processing the following file failed:
     ‘jss816.Rnw’
    
    Error: Vignette re-building failed.
    Execution halted
Flavor: r-release-macos-arm64