Last updated on 2022-07-02 12:53:15 CEST.
Flavor | Version | Tinstall | Tcheck | Ttotal | Status | Flags |
---|---|---|---|---|---|---|
r-devel-linux-x86_64-debian-clang | 1.2.1 | 10.69 | 86.93 | 97.62 | OK | |
r-devel-linux-x86_64-debian-gcc | 1.2.1 | 7.02 | 64.25 | 71.27 | OK | |
r-devel-linux-x86_64-fedora-clang | 1.2.1 | 126.45 | NOTE | |||
r-devel-linux-x86_64-fedora-gcc | 1.2.1 | 126.04 | NOTE | |||
r-devel-windows-x86_64 | 1.2.1 | 31.00 | 100.00 | 131.00 | OK | |
r-patched-linux-x86_64 | 1.2.1 | 9.21 | 81.20 | 90.41 | OK | |
r-release-linux-x86_64 | 1.2.1 | 8.34 | 82.21 | 90.55 | OK | |
r-release-macos-arm64 | 1.2.1 | 34.00 | NOTE | |||
r-release-macos-x86_64 | 1.2.1 | 52.00 | NOTE | |||
r-release-windows-x86_64 | 1.2.1 | 30.00 | 112.00 | 142.00 | OK | |
r-oldrel-macos-arm64 | 1.2.1 | 43.00 | NOTE | |||
r-oldrel-macos-x86_64 | 1.2.1 | 61.00 | NOTE | |||
r-oldrel-windows-ix86+x86_64 | 1.2.1 | 22.00 | 104.00 | 126.00 | OK |
Version: 1.2.1
Check: data for non-ASCII characters
Result: NOTE
Note: found 1 marked UTF-8 string
Flavors: r-devel-linux-x86_64-fedora-clang, r-devel-linux-x86_64-fedora-gcc, r-release-macos-arm64, r-release-macos-x86_64, r-oldrel-macos-arm64, r-oldrel-macos-x86_64