CRAN Package Check Results for Package spacyr

Last updated on 2024-06-18 07:04:07 CEST.

Flavor Version Tinstall Tcheck Ttotal Status Flags
r-devel-linux-x86_64-debian-clang 1.3.0 2.95 45.06 48.01 OK
r-devel-linux-x86_64-debian-gcc 1.3.0 3.10 34.37 37.47 OK
r-devel-linux-x86_64-fedora-clang 1.3.0 63.72 NOTE
r-devel-linux-x86_64-fedora-gcc 1.3.0 71.54 NOTE
r-devel-windows-x86_64 1.3.0 5.00 57.00 62.00 OK
r-patched-linux-x86_64 1.3.0 3.57 44.39 47.96 OK
r-release-linux-x86_64 1.3.0 3.12 43.48 46.60 OK
r-release-macos-arm64 1.3.0 27.00 OK
r-release-macos-x86_64 1.3.0 42.00 OK
r-release-windows-x86_64 1.3.0 5.00 59.00 64.00 OK
r-oldrel-macos-arm64 1.3.0 32.00 OK
r-oldrel-macos-x86_64 1.3.0 62.00 OK
r-oldrel-windows-x86_64 1.3.0 5.00 60.00 65.00 OK

Check Details

Version: 1.3.0
Check: data for non-ASCII characters
Result: NOTE Note: found 1 marked UTF-8 string Flavors: r-devel-linux-x86_64-fedora-clang, r-devel-linux-x86_64-fedora-gcc