CRAN Package Check Results for Package spacyr

Last updated on 2019-11-21 05:48:00 CET.

Flavor Version Tinstall Tcheck Ttotal Status Flags
r-devel-linux-x86_64-debian-clang 1.2 4.40 39.70 44.10 OK
r-devel-linux-x86_64-debian-gcc 1.2 4.23 31.30 35.53 OK
r-devel-linux-x86_64-fedora-clang 1.2 51.83 NOTE
r-devel-linux-x86_64-fedora-gcc 1.2 51.14 NOTE
r-devel-windows-ix86+x86_64 1.2 13.00 53.00 66.00 OK
r-devel-windows-ix86+x86_64-gcc8 1.2 11.00 54.00 65.00 OK
r-patched-linux-x86_64 1.2 3.86 37.55 41.41 OK
r-patched-solaris-x86 1.2 70.20 ERROR
r-release-linux-x86_64 1.2 3.42 37.27 40.69 OK
r-release-windows-ix86+x86_64 1.2 12.00 70.00 82.00 OK
r-release-osx-x86_64 1.2 NOTE
r-oldrel-windows-ix86+x86_64 1.2 11.00 76.00 87.00 OK
r-oldrel-osx-x86_64 1.2 NOTE

Check Details

Version: 1.2
Check: data for non-ASCII characters
Result: NOTE
     Note: found 1 marked UTF-8 string
Flavors: r-devel-linux-x86_64-fedora-clang, r-devel-linux-x86_64-fedora-gcc, r-patched-solaris-x86, r-release-osx-x86_64, r-oldrel-osx-x86_64

Version: 1.2
Check: tests
Result: ERROR
     Running ‘lint.R’
     Running ‘spelling.R’
     Running ‘testthat.R’
    Running the tests in ‘tests/testthat.R’ failed.
    Complete output:
     > Sys.setenv("R_TESTS" = "")
     >
     > library("testthat")
     > library("spacyr")
     >
     > test_check("spacyr")
     ── 1. Error: spacy_parse handles numbers/tibbles correctly (@test-2-spacy_parse.
     error in running command: 'Illegal seek'
     Backtrace:
     1. global::skip_if_no_python_or_no_spacy()
     2. spacyr::find_spacy(ask = FALSE)
     3. spacyr:::check_spacy_model(py_exec, model)
     6. base::system2(...)
    
     ══ testthat results ═══════════════════════════════════════════════════════════
     [ OK: 0 | SKIPPED: 51 | WARNINGS: 0 | FAILED: 1 ]
     1. Error: spacy_parse handles numbers/tibbles correctly (@test-2-spacy_parse.R#165)
    
     Error: testthat unit tests failed
     Execution halted
Flavor: r-patched-solaris-x86