CRAN Package Check Results for Package spaero

Last updated on 2019-12-06 21:47:31 CET.

Flavor Version Tinstall Tcheck Ttotal Status Flags
r-devel-linux-x86_64-debian-clang 0.5.0 2.22 72.55 74.77 OK
r-devel-linux-x86_64-debian-gcc 0.5.0 1.81 51.49 53.30 OK
r-devel-linux-x86_64-fedora-clang 0.5.0 89.28 OK
r-devel-linux-x86_64-fedora-gcc 0.5.0 83.89 OK
r-devel-windows-ix86+x86_64 0.5.0 6.00 122.00 128.00 OK
r-devel-windows-ix86+x86_64-gcc8 0.5.0 12.00 116.00 128.00 OK
r-patched-linux-x86_64 0.5.0 1.58 63.12 64.70 OK
r-patched-solaris-x86 0.5.0 113.70 OK
r-release-linux-x86_64 0.5.0 1.34 64.41 65.75 OK
r-release-windows-ix86+x86_64 0.5.0 9.00 81.00 90.00 OK
r-release-osx-x86_64 0.5.0 NOTE
r-oldrel-windows-ix86+x86_64 0.5.0 3.00 124.00 127.00 OK
r-oldrel-osx-x86_64 0.5.0 NOTE

Check Details

Version: 0.5.0
Check: dependencies in R code
Result: NOTE
    Missing or unexported objects:
     ‘pomp::covariate_table’ ‘pomp::gillespie_hl’
Flavors: r-release-osx-x86_64, r-oldrel-osx-x86_64