CRAN Package Check Results for Package spaero

Last updated on 2025-01-19 10:49:18 CET.

Flavor Version Tinstall Tcheck Ttotal Status Flags
r-devel-linux-x86_64-debian-clang 0.6.0 1.92 53.50 55.42 OK
r-devel-linux-x86_64-debian-gcc 0.6.0 1.54 40.26 41.80 OK
r-devel-linux-x86_64-fedora-clang 0.6.0 91.94 NOTE
r-devel-linux-x86_64-fedora-gcc 0.6.0 113.17 NOTE
r-devel-windows-x86_64 0.6.0 5.00 112.00 117.00 OK
r-patched-linux-x86_64 0.6.0 1.97 49.94 51.91 NOTE
r-release-linux-x86_64 0.6.0 1.84 49.55 51.39 NOTE
r-release-macos-arm64 0.6.0 44.00 NOTE
r-release-macos-x86_64 0.6.0 66.00 NOTE
r-release-windows-x86_64 0.6.0 4.00 110.00 114.00 NOTE
r-oldrel-macos-arm64 0.6.0 44.00 NOTE
r-oldrel-macos-x86_64 0.6.0 70.00 NOTE
r-oldrel-windows-x86_64 0.6.0 4.00 113.00 117.00 NOTE

Check Details

Version: 0.6.0
Check: dependencies in R code
Result: NOTE Namespace in Imports field not imported from: ‘utils’ All declared Imports should be used. Flavors: r-devel-linux-x86_64-fedora-clang, r-devel-linux-x86_64-fedora-gcc

Version: 0.6.0
Check: LazyData
Result: NOTE 'LazyData' is specified without a 'data' directory Flavors: r-patched-linux-x86_64, r-release-linux-x86_64, r-release-macos-arm64, r-release-macos-x86_64, r-release-windows-x86_64, r-oldrel-macos-arm64, r-oldrel-macos-x86_64, r-oldrel-windows-x86_64