CRAN Package Check Results for Package spaero

Last updated on 2020-08-05 10:06:14 CEST.

Flavor Version Tinstall Tcheck Ttotal Status Flags
r-devel-linux-x86_64-debian-clang 0.5.0 2.18 63.53 65.71 NOTE
r-devel-linux-x86_64-debian-gcc 0.5.0 1.75 46.36 48.11 NOTE
r-devel-linux-x86_64-fedora-clang 0.5.0 84.68 NOTE
r-devel-linux-x86_64-fedora-gcc 0.5.0 81.97 NOTE
r-devel-windows-ix86+x86_64 0.5.0 8.00 87.00 95.00 NOTE
r-patched-linux-x86_64 0.5.0 1.93 60.88 62.81 NOTE
r-patched-solaris-x86 0.5.0 115.70 NOTE
r-release-linux-x86_64 0.5.0 1.84 60.06 61.90 NOTE
r-release-macos-x86_64 0.5.0 NOTE
r-release-windows-ix86+x86_64 0.5.0 8.00 120.00 128.00 NOTE
r-oldrel-macos-x86_64 0.5.0 NOTE
r-oldrel-windows-ix86+x86_64 0.5.0 4.00 93.00 97.00 OK

Check Details

Version: 0.5.0
Check: dependencies in R code
Result: NOTE
    Missing or unexported object: 'pomp::gillespie.hl.sim'
Flavors: r-devel-linux-x86_64-debian-clang, r-devel-linux-x86_64-debian-gcc, r-devel-linux-x86_64-fedora-clang, r-devel-linux-x86_64-fedora-gcc, r-devel-windows-ix86+x86_64, r-patched-linux-x86_64, r-patched-solaris-x86, r-release-linux-x86_64, r-release-macos-x86_64, r-release-windows-ix86+x86_64

Version: 0.5.0
Check: Rd cross-references
Result: NOTE
    Undeclared package ‘moments’ in Rd xrefs
Flavor: r-devel-linux-x86_64-fedora-clang

Version: 0.5.0
Check: dependencies in R code
Result: NOTE
    Missing or unexported objects:
     ‘pomp::covariate_table’ ‘pomp::gillespie_hl’
Flavor: r-oldrel-macos-x86_64