CRAN Package Check Results for Package spant

Last updated on 2020-10-22 19:49:15 CEST.

Flavor Version Tinstall Tcheck Ttotal Status Flags
r-devel-linux-x86_64-debian-clang 1.7.0 16.92 213.17 230.09 OK
r-devel-linux-x86_64-debian-gcc 1.7.0 15.00 167.12 182.12 OK
r-devel-linux-x86_64-fedora-clang 1.7.0 289.57 NOTE
r-devel-linux-x86_64-fedora-gcc 1.7.0 284.79 NOTE
r-devel-windows-ix86+x86_64 1.7.0 35.00 313.00 348.00 OK
r-patched-linux-x86_64 1.7.0 17.06 202.98 220.04 OK
r-patched-solaris-x86 1.7.0 532.50 NOTE
r-release-linux-x86_64 1.7.0 17.96 200.01 217.97 OK
r-release-macos-x86_64 1.7.0 NOTE
r-release-windows-ix86+x86_64 1.7.0 28.00 256.00 284.00 OK
r-oldrel-macos-x86_64 1.7.0 NOTE
r-oldrel-windows-ix86+x86_64 1.7.0 32.00 311.00 343.00 OK

Check Details

Version: 1.7.0
Check: package dependencies
Result: NOTE
    Imports includes 28 non-default packages.
    Importing from so many packages makes the package vulnerable to any of
    them becoming unavailable. Move as many as possible to Suggests and
    use conditionally.
Flavor: r-devel-linux-x86_64-fedora-clang

Version: 1.7.0
Check: dependencies in R code
Result: NOTE
    Namespace in Imports field not imported from: ‘foreach’
     All declared Imports should be used.
Flavors: r-devel-linux-x86_64-fedora-clang, r-devel-linux-x86_64-fedora-gcc, r-patched-solaris-x86, r-release-macos-x86_64, r-oldrel-macos-x86_64