Last updated on 2023-06-05 15:58:35 CEST.
Flavor | Version | Tinstall | Tcheck | Ttotal | Status | Flags |
---|---|---|---|---|---|---|
r-devel-linux-x86_64-debian-clang | 1.0.4 | 3.97 | 34.70 | 38.67 | OK | |
r-devel-linux-x86_64-debian-gcc | 1.0.4 | 3.03 | 25.99 | 29.02 | OK | |
r-devel-linux-x86_64-fedora-clang | 1.0.4 | 50.43 | NOTE | |||
r-devel-linux-x86_64-fedora-gcc | 1.0.4 | 45.12 | NOTE | |||
r-devel-windows-x86_64 | 1.0.4 | 7.00 | 48.00 | 55.00 | OK | |
r-patched-linux-x86_64 | 1.0.4 | 4.11 | 33.06 | 37.17 | OK | |
r-release-linux-x86_64 | 1.0.4 | 3.00 | 33.62 | 36.62 | OK | |
r-release-macos-arm64 | 1.0.4 | 19.00 | OK | |||
r-release-macos-x86_64 | 1.0.4 | 28.00 | OK | |||
r-release-windows-x86_64 | 1.0.4 | 6.00 | 54.00 | 60.00 | OK | |
r-oldrel-macos-arm64 | 1.0.4 | 18.00 | OK | |||
r-oldrel-macos-x86_64 | 1.0.4 | 26.00 | OK | |||
r-oldrel-windows-x86_64 | 1.0.4 | 11.00 | 54.00 | 65.00 | OK |
Version: 1.0.4
Check: compiled code
Result: NOTE
File ‘sparcl/libs/sparcl.so’:
Found no calls to: ‘R_registerRoutines’, ‘R_useDynamicSymbols’
It is good practice to register native routines and to disable symbol
search.
See ‘Writing portable packages’ in the ‘Writing R Extensions’ manual.
Flavors: r-devel-linux-x86_64-fedora-clang, r-devel-linux-x86_64-fedora-gcc