CRAN Package Check Results for Package sparcl

Last updated on 2024-06-19 08:58:01 CEST.

Flavor Version Tinstall Tcheck Ttotal Status Flags
r-devel-linux-x86_64-debian-clang 1.0.4 4.04 35.93 39.97 OK
r-devel-linux-x86_64-debian-gcc 1.0.4 2.90 26.33 29.23 OK
r-devel-linux-x86_64-fedora-clang 1.0.4 48.99 NOTE
r-devel-linux-x86_64-fedora-gcc 1.0.4 46.16 NOTE
r-devel-windows-x86_64 1.0.4 6.00 47.00 53.00 OK
r-patched-linux-x86_64 1.0.4 2.63 34.38 37.01 OK
r-release-linux-x86_64 1.0.4 3.09 33.04 36.13 OK
r-release-macos-arm64 1.0.4 20.00 OK
r-release-macos-x86_64 1.0.4 34.00 OK
r-release-windows-x86_64 1.0.4 5.00 45.00 50.00 OK
r-oldrel-macos-arm64 1.0.4 19.00 OK
r-oldrel-macos-x86_64 1.0.4 28.00 OK
r-oldrel-windows-x86_64 1.0.4 6.00 48.00 54.00 OK

Check Details

Version: 1.0.4
Check: compiled code
Result: NOTE File ‘sparcl/libs/sparcl.so’: Found no calls to: ‘R_registerRoutines’, ‘R_useDynamicSymbols’ It is good practice to register native routines and to disable symbol search. See ‘Writing portable packages’ in the ‘Writing R Extensions’ manual. Flavors: r-devel-linux-x86_64-fedora-clang, r-devel-linux-x86_64-fedora-gcc