CRAN Package Check Results for Package sparklyr

Last updated on 2020-09-19 08:50:13 CEST.

Flavor Version Tinstall Tcheck Ttotal Status Flags
r-devel-linux-x86_64-debian-clang 1.4.0 29.71 154.65 184.36 OK
r-devel-linux-x86_64-debian-gcc 1.4.0 27.99 113.17 141.16 OK
r-devel-linux-x86_64-fedora-clang 1.4.0 220.37 NOTE
r-devel-linux-x86_64-fedora-gcc 1.4.0 209.11 NOTE
r-devel-windows-ix86+x86_64 1.4.0 55.00 185.00 240.00 NOTE
r-patched-linux-x86_64 1.4.0 31.44 147.77 179.21 OK
r-patched-solaris-x86 1.4.0 261.80 NOTE
r-release-linux-x86_64 1.4.0 32.47 148.95 181.42 OK
r-release-macos-x86_64 1.4.0 NOTE
r-release-windows-ix86+x86_64 1.3.1 53.00 177.00 230.00 OK
r-oldrel-macos-x86_64 1.4.0 NOTE
r-oldrel-windows-ix86+x86_64 1.4.0 34.00 130.00 164.00 NOTE

Check Details

Version: 1.4.0
Check: package dependencies
Result: NOTE
    Imports includes 31 non-default packages.
    Importing from so many packages makes the package vulnerable to any of
    them becoming unavailable. Move as many as possible to Suggests and
    use conditionally.
Flavor: r-devel-linux-x86_64-fedora-clang

Version: 1.4.0
Check: installed package size
Result: NOTE
     installed size is 5.1Mb
     sub-directories of 1Mb or more:
     R 1.4Mb
     java 2.5Mb
Flavors: r-devel-linux-x86_64-fedora-clang, r-devel-windows-ix86+x86_64, r-patched-solaris-x86, r-release-macos-x86_64, r-oldrel-macos-x86_64, r-oldrel-windows-ix86+x86_64

Version: 1.4.0
Check: dependencies in R code
Result: NOTE
    Namespace in Imports field not imported from: ‘lifecycle’
     All declared Imports should be used.
Flavors: r-devel-linux-x86_64-fedora-clang, r-devel-linux-x86_64-fedora-gcc, r-patched-solaris-x86, r-release-macos-x86_64, r-oldrel-macos-x86_64

Version: 1.4.0
Check: package dependencies
Result: NOTE
    Package suggested but not available for checking: ‘arrow’
Flavor: r-patched-solaris-x86