CRAN Package Check Results for Package sparklyr

Last updated on 2017-07-22 21:48:45.

Flavor Version Tinstall Tcheck Ttotal Status Flags
r-devel-linux-x86_64-debian-clang 0.5.6 3.03 55.01 58.04 OK
r-devel-linux-x86_64-debian-gcc 0.5.6 2.52 54.37 56.89 OK
r-devel-linux-x86_64-fedora-clang 0.5.6 82.63 NOTE
r-devel-linux-x86_64-fedora-gcc 0.5.6 75.86 NOTE
r-devel-windows-ix86+x86_64 0.5.6 19.00 92.00 111.00 OK
r-patched-linux-x86_64 0.5.6 2.64 57.19 59.82 OK
r-patched-solaris-x86 0.5.6 111.80 NOTE
r-release-linux-x86_64 0.5.6 2.72 53.91 56.63 OK
r-release-windows-ix86+x86_64 0.5.6 24.00 98.00 122.00 OK
r-release-osx-x86_64 0.5.6 NOTE
r-oldrel-windows-ix86+x86_64 0.5.6 19.00 100.00 119.00 OK
r-oldrel-osx-x86_64 0.5.6 NOTE

Check Details

Version: 0.5.6
Check: dependencies in R code
Result: NOTE
    Namespace in Imports field not imported from: ‘dbplyr’
     All declared Imports should be used.
Flavors: r-devel-linux-x86_64-fedora-clang, r-devel-linux-x86_64-fedora-gcc, r-patched-solaris-x86, r-release-osx-x86_64, r-oldrel-osx-x86_64