CRAN Package Check Results for Package sparktf

Last updated on 2024-06-22 19:58:16 CEST.

Flavor Version Tinstall Tcheck Ttotal Status Flags
r-devel-linux-x86_64-debian-clang 0.1.0 4.82 67.00 71.82 NOTE
r-devel-linux-x86_64-debian-gcc 0.1.0 5.94 49.26 55.20 NOTE
r-devel-linux-x86_64-fedora-clang 0.1.0 95.75 NOTE
r-devel-linux-x86_64-fedora-gcc 0.1.0 84.84 NOTE
r-devel-windows-x86_64 0.1.0 6.00 70.00 76.00 NOTE
r-patched-linux-x86_64 0.1.0 6.82 63.07 69.89 NOTE
r-release-linux-x86_64 0.1.0 4.38 62.03 66.41 NOTE
r-release-macos-arm64 0.1.0 28.00 NOTE
r-release-macos-x86_64 0.1.0 44.00 NOTE
r-release-windows-x86_64 0.1.0 7.00 71.00 78.00 NOTE
r-oldrel-macos-arm64 0.1.0 31.00 NOTE
r-oldrel-macos-x86_64 0.1.0 56.00 NOTE
r-oldrel-windows-x86_64 0.1.0 9.00 78.00 87.00 NOTE

Check Details

Version: 0.1.0
Check: LazyData
Result: NOTE 'LazyData' is specified without a 'data' directory Flavors: r-devel-linux-x86_64-debian-clang, r-devel-linux-x86_64-debian-gcc, r-devel-linux-x86_64-fedora-clang, r-devel-linux-x86_64-fedora-gcc, r-devel-windows-x86_64, r-patched-linux-x86_64, r-release-linux-x86_64, r-release-macos-arm64, r-release-macos-x86_64, r-release-windows-x86_64, r-oldrel-macos-arm64, r-oldrel-macos-x86_64, r-oldrel-windows-x86_64