CRAN Package Check Results for Package sparkwarc

Last updated on 2023-12-04 07:03:21 CET.

Flavor Version Tinstall Tcheck Ttotal Status Flags
r-devel-linux-x86_64-debian-clang 0.1.6 22.53 66.50 89.03 NOTE
r-devel-linux-x86_64-debian-gcc 0.1.6 15.95 48.57 64.52 NOTE
r-devel-linux-x86_64-fedora-clang 0.1.6 122.65 NOTE
r-devel-linux-x86_64-fedora-gcc 0.1.6 114.58 NOTE
r-devel-windows-x86_64 0.1.6 21.00 81.00 102.00 NOTE
r-patched-linux-x86_64 0.1.6 16.45 62.88 79.33 NOTE
r-release-linux-x86_64 0.1.6 17.16 62.68 79.84 NOTE
r-release-macos-arm64 0.1.6 36.00 NOTE
r-release-macos-x86_64 0.1.6 71.00 NOTE
r-release-windows-x86_64 0.1.6 28.00 97.00 125.00 NOTE
r-oldrel-macos-arm64 0.1.6 36.00 OK
r-oldrel-macos-x86_64 0.1.6 56.00 OK
r-oldrel-windows-x86_64 0.1.6 27.00 96.00 123.00 OK

Check Details

Version: 0.1.6
Check: C++ specification
Result: NOTE Specified C++11: please drop specification unless essential Flavors: r-devel-linux-x86_64-debian-clang, r-devel-linux-x86_64-debian-gcc, r-devel-linux-x86_64-fedora-clang, r-devel-linux-x86_64-fedora-gcc, r-devel-windows-x86_64, r-patched-linux-x86_64, r-release-linux-x86_64, r-release-macos-arm64, r-release-macos-x86_64, r-release-windows-x86_64