CRAN Package Check Results for Package sparseMatEst

Last updated on 2024-04-22 21:53:01 CEST.

Flavor Version Tinstall Tcheck Ttotal Status Flags
r-devel-linux-x86_64-debian-clang 1.0.0 1.53 22.67 24.20 NOTE
r-devel-linux-x86_64-debian-gcc 1.0.0 1.83 17.55 19.38 NOTE
r-devel-linux-x86_64-fedora-clang 1.0.0 32.02 NOTE
r-devel-linux-x86_64-fedora-gcc 1.0.0 30.54 NOTE
r-prerel-macos-arm64 1.0.0 16.00 NOTE
r-prerel-windows-x86_64 1.0.0 2.00 39.00 41.00 NOTE
r-patched-linux-x86_64 1.0.0 2.27 21.64 23.91 NOTE
r-release-linux-x86_64 1.0.0 2.20 22.37 24.57 NOTE
r-release-macos-arm64 1.0.0 16.00 NOTE
r-release-macos-x86_64 1.0.0 20.00 NOTE
r-release-windows-x86_64 1.0.0 5.00 40.00 45.00 NOTE
r-oldrel-macos-arm64 1.0.0 16.00 NOTE
r-oldrel-windows-x86_64 1.0.0 7.00 46.00 53.00 NOTE

Check Details

Version: 1.0.0
Check: LazyData
Result: NOTE 'LazyData' is specified without a 'data' directory Flavors: r-devel-linux-x86_64-debian-clang, r-devel-linux-x86_64-debian-gcc, r-devel-linux-x86_64-fedora-clang, r-devel-linux-x86_64-fedora-gcc, r-prerel-macos-arm64, r-prerel-windows-x86_64, r-patched-linux-x86_64, r-release-linux-x86_64, r-release-macos-arm64, r-release-macos-x86_64, r-release-windows-x86_64, r-oldrel-macos-arm64, r-oldrel-windows-x86_64