CRAN Package Check Results for Package sparsepca

Last updated on 2022-05-17 16:54:39 CEST.

Flavor Version Tinstall Tcheck Ttotal Status Flags
r-devel-linux-x86_64-debian-clang 0.1.2 7.09 72.52 79.61 NOTE
r-devel-linux-x86_64-debian-gcc 0.1.2 5.70 55.41 61.11 NOTE
r-devel-linux-x86_64-fedora-clang 0.1.2 95.26 NOTE
r-devel-linux-x86_64-fedora-gcc 0.1.2 94.38 NOTE
r-devel-windows-x86_64 0.1.2 23.00 86.00 109.00 NOTE
r-patched-linux-x86_64 0.1.2 8.64 68.30 76.94 NOTE
r-release-linux-x86_64 0.1.2 7.25 70.65 77.90 NOTE
r-release-macos-arm64 0.1.2 33.00 NOTE
r-release-macos-x86_64 0.1.2 41.00 NOTE
r-release-windows-x86_64 0.1.2 16.00 93.00 109.00 NOTE
r-oldrel-macos-arm64 0.1.2 34.00 NOTE
r-oldrel-macos-x86_64 0.1.2 55.00 NOTE
r-oldrel-windows-ix86+x86_64 0.1.2 18.00 83.00 101.00 NOTE

Check Details

Version: 0.1.2
Check: LazyData
Result: NOTE
     'LazyData' is specified without a 'data' directory
Flavors: r-devel-linux-x86_64-debian-clang, r-devel-linux-x86_64-debian-gcc, r-devel-linux-x86_64-fedora-clang, r-devel-linux-x86_64-fedora-gcc, r-devel-windows-x86_64, r-patched-linux-x86_64, r-release-linux-x86_64, r-release-macos-arm64, r-release-macos-x86_64, r-release-windows-x86_64, r-oldrel-macos-arm64, r-oldrel-macos-x86_64, r-oldrel-windows-ix86+x86_64