CRAN Package Check Results for Package sparsesvd

Last updated on 2022-06-29 20:53:30 CEST.

Flavor Version Tinstall Tcheck Ttotal Status Flags
r-devel-linux-x86_64-debian-clang 0.2 9.57 84.11 93.68 NOTE
r-devel-linux-x86_64-debian-gcc 0.2 7.72 65.90 73.62 NOTE
r-devel-linux-x86_64-fedora-clang 0.2 122.90 NOTE
r-devel-linux-x86_64-fedora-gcc 0.2 125.30 NOTE
r-devel-windows-x86_64 0.2 18.00 109.00 127.00 NOTE
r-patched-linux-x86_64 0.2 10.42 81.78 92.20 NOTE
r-release-linux-x86_64 0.2 8.29 82.49 90.78 NOTE
r-release-macos-arm64 0.2 40.00 NOTE
r-release-macos-x86_64 0.2 55.00 NOTE
r-release-windows-x86_64 0.2 29.00 106.00 135.00 NOTE
r-oldrel-macos-arm64 0.2 47.00 NOTE
r-oldrel-macos-x86_64 0.2 79.00 NOTE
r-oldrel-windows-ix86+x86_64 0.2 25.00 152.00 177.00 NOTE

Check Details

Version: 0.2
Check: LazyData
Result: NOTE
     'LazyData' is specified without a 'data' directory
Flavors: r-devel-linux-x86_64-debian-clang, r-devel-linux-x86_64-debian-gcc, r-devel-linux-x86_64-fedora-clang, r-devel-linux-x86_64-fedora-gcc, r-devel-windows-x86_64, r-patched-linux-x86_64, r-release-linux-x86_64, r-release-macos-arm64, r-release-macos-x86_64, r-release-windows-x86_64, r-oldrel-macos-arm64, r-oldrel-macos-x86_64, r-oldrel-windows-ix86+x86_64