CRAN Package Check Results for Package sparsesvd

Last updated on 2018-02-24 18:49:18 CET.

Flavor Version Tinstall Tcheck Ttotal Status Flags
r-devel-linux-x86_64-debian-clang 0.1-4 6.25 60.39 66.64 OK
r-devel-linux-x86_64-debian-gcc 0.1-4 4.98 48.42 53.40 OK
r-devel-linux-x86_64-fedora-clang 0.1-4 82.48 OK
r-devel-linux-x86_64-fedora-gcc 0.1-4 79.58 OK
r-devel-windows-ix86+x86_64 0.1-4 18.00 173.00 191.00 OK
r-patched-linux-x86_64 0.1-4 6.16 61.40 67.56 OK
r-patched-solaris-x86 0.1-4 157.10 OK
r-release-linux-x86_64 0.1-4 4.87 62.05 66.92 OK
r-release-windows-ix86+x86_64 0.1-4 13.00 124.00 137.00 OK
r-release-osx-x86_64 0.1-4 OK
r-oldrel-windows-ix86+x86_64 0.1-4 2.00 7.00 9.00 ERROR
r-oldrel-osx-x86_64 0.1-1 OK

Additional issues

clang-UBSAN gcc-UBSAN

Check Details

Version: 0.1-4
Check: whether package can be installed
Result: ERROR
    Installation failed.
Flavor: r-oldrel-windows-ix86+x86_64