CRAN Package Check Results for Package sparsesvd

Last updated on 2018-04-22 19:47:17 CEST.

Flavor Version Tinstall Tcheck Ttotal Status Flags
r-devel-linux-x86_64-debian-clang 0.1-4 5.93 60.68 66.61 OK
r-devel-linux-x86_64-debian-gcc 0.1-4 4.91 49.47 54.38 OK
r-devel-linux-x86_64-fedora-clang 0.1-4 82.31 OK
r-devel-linux-x86_64-fedora-gcc 0.1-4 84.96 OK
r-devel-windows-ix86+x86_64 0.1-4 19.00 99.00 118.00 OK
r-devel-osx-x86_64 0.1-4 OK
r-patched-linux-x86_64 0.1-4 5.21 59.39 64.60 OK
r-patched-solaris-x86 0.1-4 145.30 OK
r-release-linux-x86_64 0.1-4 5.12 61.01 66.13 OK
r-release-windows-ix86+x86_64 0.1-4 14.00 131.00 145.00 OK
r-release-osx-x86_64 0.1-4 OK
r-oldrel-windows-ix86+x86_64 0.1-4 2.00 6.00 8.00 ERROR

Additional issues

clang-UBSAN gcc-UBSAN

Check Details

Version: 0.1-4
Check: whether package can be installed
Result: ERROR
    Installation failed.
Flavor: r-oldrel-windows-ix86+x86_64