CRAN Package Check Results for Package spatialEco

Last updated on 2022-10-05 09:53:09 CEST.

Flavor Version Tinstall Tcheck Ttotal Status Flags
r-devel-linux-x86_64-debian-clang 1.3-7 39.86 465.87 505.73 OK
r-devel-linux-x86_64-debian-gcc 1.3-7 35.14 340.65 375.79 OK
r-devel-linux-x86_64-fedora-clang 1.3-7 508.92 OK
r-devel-linux-x86_64-fedora-gcc 1.3-7 625.44 OK
r-devel-windows-x86_64 1.3-7 143.00 393.00 536.00 ERROR
r-patched-linux-x86_64 1.3-7 34.14 436.69 470.83 OK
r-release-linux-x86_64 1.3-7 35.97 428.18 464.15 OK
r-release-macos-arm64 1.3-7 187.00 OK
r-release-macos-x86_64 1.3-7 238.00 OK
r-release-windows-x86_64 1.3-7 150.00 372.00 522.00 ERROR
r-oldrel-macos-arm64 1.3-7 146.00 OK
r-oldrel-macos-x86_64 1.3-7 209.00 OK
r-oldrel-windows-ix86+x86_64 1.3-7 84.00 350.00 434.00 ERROR

Check Details

Version: 1.3-7
Check: examples
Result: ERROR
    Running examples in 'spatialEco-Ex.R' failed
    The error most likely occurred in:
    
    > ### Name: cgls_urls
    > ### Title: Provide URL's for Copernicus Global Land Service datasets
    > ### Aliases: cgls_urls
    >
    > ### ** Examples
    >
    > # Create date string for query
    > d <- seq(as.Date("2020/05/01"), as.Date("2020-09-01"), by="day")
    >
    > # Search for 300m (333m) LAI within specified date range
    > all.urls <- cgls_urls(dates = d, resolution = 300,
    + product = "lai")
    Warning in readLines(manifest.url) :
     URL 'https://land.copernicus.vgt.vito.be/manifest/': status was 'Failure when receiving data from the peer'
    Error in readLines(manifest.url) : cannot read from connection
    Calls: cgls_urls -> paste -> readLines
    Execution halted
Flavors: r-devel-windows-x86_64, r-release-windows-x86_64

Version: 1.3-7
Check: examples
Result: ERROR
    Running examples in 'spatialEco-Ex.R' failed
    The error most likely occurred in:
    
    > ### Name: cgls_urls
    > ### Title: Provide URL's for Copernicus Global Land Service datasets
    > ### Aliases: cgls_urls
    >
    > ### ** Examples
    >
    > # Create date string for query
    > d <- seq(as.Date("2020/05/01"), as.Date("2020-09-01"), by="day")
    >
    > # Search for 300m (333m) LAI within specified date range
    > all.urls <- cgls_urls(dates = d, resolution = 300,
    + product = "lai")
    Warning in file(con, "r") :
     InternetOpenUrl failed: 'Die Serververbindung konnte nicht hergestellt werden.'
    Error in file(con, "r") : cannot open the connection
    Calls: cgls_urls -> paste -> readLines -> file
    Execution halted
Flavor: r-oldrel-windows-ix86+x86_64